{"id":10654,"date":"2025-08-04T14:50:55","date_gmt":"2025-08-04T14:50:55","guid":{"rendered":"https:\/\/www.marbella.gr\/?page_id=10654"},"modified":"2025-08-13T10:19:57","modified_gmt":"2025-08-13T10:19:57","slug":"sustainability-connection","status":"publish","type":"page","link":"https:\/\/www.marbella.gr\/de\/sustainability\/sustainability-connection\/","title":{"rendered":"VERBINDUNG"},"content":{"rendered":"<p>Im Mittelpunkt steht die Verbundenheit, unsere \u00dcberzeugung, dass die Sorge um den Planeten und die Menschen mit einem gemeinsamen Sinn f\u00fcr unsere G\u00e4ste, Teams und Gemeinden beginnt. Wir gehen aktiv auf unsere G\u00e4ste, Teammitglieder und lokalen Gemeinschaften zu, um mit ihnen zu teilen, Ideen auszutauschen und sinnvolle Verbindungen zu pflegen. Durch dieses Zusammengeh\u00f6rigkeitsgef\u00fchl schaffen wir ein Gef\u00fchl der Zugeh\u00f6rigkeit und gegenseitigen F\u00fcrsorge, das uns daran erinnert, dass wir alle Teil von etwas Gr\u00f6\u00dferem sind. Verbunden wachsen wir, lernen wir und bewegen uns zielgerichtet vorw\u00e4rts.<\/p>","protected":false},"excerpt":{"rendered":"<p>At the heart of it all is connection, our belief that caring for the planet and people starts with a shared sense of purpose among our guests, teams, and communities. We actively reach out to our guests, team members, and local communities to share, to exchange ideas and nurture meaningful connections. Through this sense of [&#8230;]<\/p>\n<p><a class=\"btn btn-secondary understrap-read-more-link\" href=\"https:\/\/www.marbella.gr\/de\/sustainability\/sustainability-connection\/\">Read More&#8230;<span class=\"screen-reader-text\"> from CONNECTION<\/span><\/a><\/p>\n","protected":false},"author":16,"featured_media":0,"parent":1036,"menu_order":0,"comment_status":"closed","ping_status":"closed","template":"","meta":{"_acf_changed":false,"footnotes":""},"class_list":["post-10654","page","type-page","status-publish","hentry"],"acf":[],"yoast_head":"<!-- This site is optimized with the Yoast SEO plugin v27.4 - https:\/\/yoast.com\/product\/yoast-seo-wordpress\/ -->\n<title>CONNECTION - Mar-Bella Collection<\/title>\n<meta name=\"robots\" content=\"index, follow, max-snippet:-1, max-image-preview:large, max-video-preview:-1\" \/>\n<link rel=\"canonical\" href=\"https:\/\/www.marbella.gr\/de\/sustainability\/sustainability-connection\/\" \/>\n<meta property=\"og:locale\" content=\"de_DE\" \/>\n<meta property=\"og:type\" content=\"article\" \/>\n<meta property=\"og:title\" content=\"CONNECTION - Mar-Bella Collection\" \/>\n<meta property=\"og:description\" content=\"At the heart of it all is connection, our belief that caring for the planet and people starts with a shared sense of purpose among our guests, teams, and communities. We actively reach out to our guests, team members, and local communities to share, to exchange ideas and nurture meaningful connections. Through this sense of [...]Read More... from CONNECTION\" \/>\n<meta property=\"og:url\" content=\"https:\/\/www.marbella.gr\/de\/sustainability\/sustainability-connection\/\" \/>\n<meta property=\"og:site_name\" content=\"Mar-Bella Collection\" \/>\n<meta property=\"article:modified_time\" content=\"2025-08-13T10:19:57+00:00\" \/>\n<meta property=\"og:image\" content=\"https:\/\/www.marbella.gr\/app\/uploads\/2024\/05\/Elix_Water-Sports-2-scaled.jpg\" \/>\n\t<meta property=\"og:image:width\" content=\"2560\" \/>\n\t<meta property=\"og:image:height\" content=\"1705\" \/>\n\t<meta property=\"og:image:type\" content=\"image\/jpeg\" \/>\n<meta name=\"twitter:card\" content=\"summary_large_image\" \/>\n<meta name=\"twitter:label1\" content=\"Gesch\u00e4tzte Lesezeit\" \/>\n\t<meta name=\"twitter:data1\" content=\"1\u00a0Minute\" \/>\n<!-- \/ Yoast SEO plugin. -->","yoast_head_json":{"title":"CONNECTION - Kollektion Mar-Bella","robots":{"index":"index","follow":"follow","max-snippet":"max-snippet:-1","max-image-preview":"max-image-preview:large","max-video-preview":"max-video-preview:-1"},"canonical":"https:\/\/www.marbella.gr\/de\/sustainability\/sustainability-connection\/","og_locale":"de_DE","og_type":"article","og_title":"CONNECTION - Mar-Bella Collection","og_description":"At the heart of it all is connection, our belief that caring for the planet and people starts with a shared sense of purpose among our guests, teams, and communities. We actively reach out to our guests, team members, and local communities to share, to exchange ideas and nurture meaningful connections. Through this sense of [...]Read More... from CONNECTION","og_url":"https:\/\/www.marbella.gr\/de\/sustainability\/sustainability-connection\/","og_site_name":"Mar-Bella Collection","article_modified_time":"2025-08-13T10:19:57+00:00","og_image":[{"width":2560,"height":1705,"url":"https:\/\/www.marbella.gr\/app\/uploads\/2024\/05\/Elix_Water-Sports-2-scaled.jpg","type":"image\/jpeg"}],"twitter_card":"summary_large_image","twitter_misc":{"Gesch\u00e4tzte Lesezeit":"1\u00a0Minute"},"schema":{"@context":"https:\/\/schema.org","@graph":[{"@type":"WebPage","@id":"https:\/\/www.marbella.gr\/sustainability\/sustainability-connection\/","url":"https:\/\/www.marbella.gr\/sustainability\/sustainability-connection\/","name":"CONNECTION - Kollektion Mar-Bella","isPartOf":{"@id":"https:\/\/www.marbella.gr\/#website"},"datePublished":"2025-08-04T14:50:55+00:00","dateModified":"2025-08-13T10:19:57+00:00","breadcrumb":{"@id":"https:\/\/www.marbella.gr\/sustainability\/sustainability-connection\/#breadcrumb"},"inLanguage":"de","potentialAction":[{"@type":"ReadAction","target":["https:\/\/www.marbella.gr\/sustainability\/sustainability-connection\/"]}]},{"@type":"BreadcrumbList","@id":"https:\/\/www.marbella.gr\/sustainability\/sustainability-connection\/#breadcrumb","itemListElement":[{"@type":"ListItem","position":1,"name":"Home","item":"https:\/\/www.marbella.gr\/"},{"@type":"ListItem","position":2,"name":"Environmental &#038; Social Responsibility","item":"https:\/\/www.marbella.gr\/sustainability\/"},{"@type":"ListItem","position":3,"name":"CONNECTION"}]},{"@type":"WebSite","@id":"https:\/\/www.marbella.gr\/#website","url":"https:\/\/www.marbella.gr\/","name":"MarBella","description":"Eine Familie von Hotels, die Sie mit dem wundersch\u00f6nen Ionischen Meer verbindet","publisher":{"@id":"https:\/\/www.marbella.gr\/#organization"},"alternateName":"MarBella","potentialAction":[{"@type":"SearchAction","target":{"@type":"EntryPoint","urlTemplate":"https:\/\/www.marbella.gr\/?s={search_term_string}"},"query-input":{"@type":"PropertyValueSpecification","valueRequired":true,"valueName":"search_term_string"}}],"inLanguage":"de"},{"@type":"Organization","@id":"https:\/\/www.marbella.gr\/#organization","name":"MarBella","url":"https:\/\/www.marbella.gr\/","logo":{"@type":"ImageObject","inLanguage":"de","@id":"https:\/\/www.marbella.gr\/#\/schema\/logo\/image\/","url":"https:\/\/www.marbella.gr\/app\/uploads\/2023\/06\/Marbella-collection.png","contentUrl":"https:\/\/www.marbella.gr\/app\/uploads\/2023\/06\/Marbella-collection.png","width":230,"height":75,"caption":"MarBella"},"image":{"@id":"https:\/\/www.marbella.gr\/#\/schema\/logo\/image\/"}}]}},"_links":{"self":[{"href":"https:\/\/www.marbella.gr\/de\/wp-json\/wp\/v2\/pages\/10654","targetHints":{"allow":["GET"]}}],"collection":[{"href":"https:\/\/www.marbella.gr\/de\/wp-json\/wp\/v2\/pages"}],"about":[{"href":"https:\/\/www.marbella.gr\/de\/wp-json\/wp\/v2\/types\/page"}],"author":[{"embeddable":true,"href":"https:\/\/www.marbella.gr\/de\/wp-json\/wp\/v2\/users\/16"}],"replies":[{"embeddable":true,"href":"https:\/\/www.marbella.gr\/de\/wp-json\/wp\/v2\/comments?post=10654"}],"version-history":[{"count":3,"href":"https:\/\/www.marbella.gr\/de\/wp-json\/wp\/v2\/pages\/10654\/revisions"}],"predecessor-version":[{"id":10799,"href":"https:\/\/www.marbella.gr\/de\/wp-json\/wp\/v2\/pages\/10654\/revisions\/10799"}],"up":[{"embeddable":true,"href":"https:\/\/www.marbella.gr\/de\/wp-json\/wp\/v2\/pages\/1036"}],"wp:attachment":[{"href":"https:\/\/www.marbella.gr\/de\/wp-json\/wp\/v2\/media?parent=10654"}],"curies":[{"name":"wp","href":"https:\/\/api.w.org\/{rel}","templated":true}]}}

<p>Im Mittelpunkt steht die Verbundenheit, unsere Überzeugung, dass die Sorge um den Planeten und die Menschen mit einem gemeinsamen Sinn für unsere Gäste, Teams und Gemeinden beginnt. Wir gehen aktiv auf unsere Gäste, Teammitglieder und lokalen Gemeinschaften zu, um mit ihnen zu teilen, Ideen auszutauschen und sinnvolle Verbindungen zu pflegen. Durch dieses Zusammengehörigkeitsgefühl schaffen wir ein Gefühl der Zugehörigkeit und gegenseitigen Fürsorge, das uns daran erinnert, dass wir alle Teil von etwas Größerem sind. Verbunden wachsen wir, lernen wir und bewegen uns zielgerichtet vorwärts.</p>

<!-- This site is optimized with the Yoast SEO plugin v27.4 - https://yoast.com/product/yoast-seo-wordpress/ -->
<title>CONNECTION - Mar-Bella Collection</title>
<meta name="robots" content="index, follow, max-snippet:-1, max-image-preview:large, max-video-preview:-1" />
<link rel="canonical" href="https://www.marbella.gr/de/sustainability/sustainability-connection/" />
<meta property="og:locale" content="de_DE" />
<meta property="og:type" content="article" />
<meta property="og:title" content="CONNECTION - Mar-Bella Collection" />
<meta property="og:description" content="At the heart of it all is connection, our belief that caring for the planet and people starts with a shared sense of purpose among our guests, teams, and communities. We actively reach out to our guests, team members, and local communities to share, to exchange ideas and nurture meaningful connections. Through this sense of [...]Read More... from CONNECTION" />
<meta property="og:url" content="https://www.marbella.gr/de/sustainability/sustainability-connection/" />
<meta property="og:site_name" content="Mar-Bella Collection" />
<meta property="article:modified_time" content="2025-08-13T10:19:57+00:00" />
<meta property="og:image" content="https://www.marbella.gr/app/uploads/2024/05/Elix_Water-Sports-2-scaled.jpg" />
	<meta property="og:image:width" content="2560" />
	<meta property="og:image:height" content="1705" />
	<meta property="og:image:type" content="image/jpeg" />
<meta name="twitter:card" content="summary_large_image" />
<meta name="twitter:label1" content="Geschätzte Lesezeit" />
	<meta name="twitter:data1" content="1 Minute" />
<!-- / Yoast SEO plugin. -->

Eine Familie von Hotels, die Sie mit dem wunderschönen Ionischen Meer verbindet
