{"id":10884,"date":"2025-09-01T10:32:35","date_gmt":"2025-09-01T07:32:35","guid":{"rendered":"https:\/\/www.marbella.gr\/?page_id=10884"},"modified":"2025-10-01T12:50:51","modified_gmt":"2025-10-01T09:50:51","slug":"midlife-conversations","status":"publish","type":"page","link":"https:\/\/www.marbella.gr\/de\/midlife-conversations\/","title":{"rendered":"MIDLIFE-CONVERSATIONS"},"content":{"rendered":"<p>Diesen Oktober wird das Nido, Mar-Bella Collection, Gastgeber sein f\u00fcr <em>Die Midlife-Conversations<\/em>eine einzigartige und ermutigende Veranstaltung, die einen bedeutungsvollen Dialog anregen und fachkundige Einblicke in die Realit\u00e4ten der Lebensmitte und dar\u00fcber hinaus bieten soll. Die Veranstaltung findet am Samstag, den 4.<sup>th<\/sup> und Sonntag 5<sup>th<\/sup> Oktober, diese 'erste ihrer Art'<strong>\u00a0Wellness- und Lifestyle-Workshop <\/strong>stellt ein aufregendes neues Kapitel f\u00fcr das Hotel dar.<\/p>\n<p>Die Veranstaltung wird von Genevieve Nikolopulos, The Midlife Beauty Insider, moderiert, die zusammen mit einer sorgf\u00e4ltig zusammengestellten Gruppe renommierter Experten \u00fcber Themen diskutieren wird, mit denen Frauen in der Lebensmitte konfrontiert sind - darunter\u00a0<strong>Di\u00e4t und Ern\u00e4hrung, Sch\u00f6nheit und Hautpflege, Fitness und hormonelle Gesundheit (einschlie\u00dflich Menopause)<\/strong>.<\/p>\n<p>Dies ist eine seltene Gelegenheit, von diesen brillanten Spezialisten in einem entspannten und interaktiven Rahmen zu h\u00f6ren.  Die G\u00e4ste erwartet ein informatives, unterhaltsames und wertvolles Gespr\u00e4ch mit der M\u00f6glichkeit, sich einzubringen und ihre eigenen Fragen zu stellen, sowie intimere Gespr\u00e4chsrunden mit den einzelnen Experten.<\/p>\n<p>Die Veranstaltung ist <strong>kostenlos f\u00fcr Hotelg\u00e4ste<\/strong>Die Anzahl der online verf\u00fcgbaren Pl\u00e4tze ist begrenzt, um ein intimes und intensives Erlebnis zu gew\u00e4hrleisten. Buchen Sie Ihren Platz online bis zum 30. September und senden Sie bis zu drei Fragen an einen unserer Experten.<\/p>","protected":false},"excerpt":{"rendered":"<p>This October, the Nido, Mar-Bella Collection will host The Midlife Conversations,\u00a0 a unique and empowering event, created to spark meaningful dialogue and provide expert insights into the realities of navigating midlife and beyond. Taking place on Saturday 4th and Sunday 5th October, this\u00a0\u2018first-of-its-kind\u2019\u00a0wellness and lifestyle workshop marks an exciting new chapter\u00a0for the hotel. The event [&#8230;]<\/p>\n<p><a class=\"btn btn-secondary understrap-read-more-link\" href=\"https:\/\/www.marbella.gr\/de\/midlife-conversations\/\">Read More&#8230;<span class=\"screen-reader-text\"> from MIDLIFE CONVERSATIONS<\/span><\/a><\/p>\n","protected":false},"author":27,"featured_media":8483,"parent":0,"menu_order":0,"comment_status":"closed","ping_status":"closed","template":"","meta":{"_acf_changed":false,"footnotes":""},"class_list":["post-10884","page","type-page","status-publish","has-post-thumbnail","hentry"],"acf":[],"yoast_head":"<!-- This site is optimized with the Yoast SEO plugin v27.4 - https:\/\/yoast.com\/product\/yoast-seo-wordpress\/ -->\n<title>MIDLIFE CONVERSATIONS - Mar-Bella Collection<\/title>\n<meta name=\"robots\" content=\"index, follow, max-snippet:-1, max-image-preview:large, max-video-preview:-1\" \/>\n<link rel=\"canonical\" href=\"https:\/\/www.marbella.gr\/de\/easter-in-corfu\/\" \/>\n<meta property=\"og:locale\" content=\"de_DE\" \/>\n<meta property=\"og:type\" content=\"article\" \/>\n<meta property=\"og:title\" content=\"MIDLIFE CONVERSATIONS - Mar-Bella Collection\" \/>\n<meta property=\"og:description\" content=\"This October, the Nido, Mar-Bella Collection will host The Midlife Conversations,\u00a0 a unique and empowering event, created to spark meaningful dialogue and provide expert insights into the realities of navigating midlife and beyond. Taking place on Saturday 4th and Sunday 5th October, this\u00a0\u2018first-of-its-kind\u2019\u00a0wellness and lifestyle workshop marks an exciting new chapter\u00a0for the hotel. The event [...]Read More... from MIDLIFE CONVERSATIONS\" \/>\n<meta property=\"og:url\" content=\"https:\/\/www.marbella.gr\/de\/easter-in-corfu\/\" \/>\n<meta property=\"og:site_name\" content=\"Mar-Bella Collection\" \/>\n<meta property=\"article:modified_time\" content=\"2025-10-01T09:50:51+00:00\" \/>\n<meta property=\"og:image\" content=\"https:\/\/www.marbella.gr\/app\/uploads\/2024\/11\/Nido_Suite_Life-37-scaled.jpg\" \/>\n\t<meta property=\"og:image:width\" content=\"2560\" \/>\n\t<meta property=\"og:image:height\" content=\"1920\" \/>\n\t<meta property=\"og:image:type\" content=\"image\/jpeg\" \/>\n<meta name=\"twitter:card\" content=\"summary_large_image\" \/>\n<meta name=\"twitter:label1\" content=\"Gesch\u00e4tzte Lesezeit\" \/>\n\t<meta name=\"twitter:data1\" content=\"2\u00a0Minuten\" \/>\n<!-- \/ Yoast SEO plugin. -->","yoast_head_json":{"title":"MIDLIFE CONVERSATIONS - Kollektion Mar-Bella","robots":{"index":"index","follow":"follow","max-snippet":"max-snippet:-1","max-image-preview":"max-image-preview:large","max-video-preview":"max-video-preview:-1"},"canonical":"https:\/\/www.marbella.gr\/de\/easter-in-corfu\/","og_locale":"de_DE","og_type":"article","og_title":"MIDLIFE CONVERSATIONS - Mar-Bella Collection","og_description":"This October, the Nido, Mar-Bella Collection will host The Midlife Conversations,\u00a0 a unique and empowering event, created to spark meaningful dialogue and provide expert insights into the realities of navigating midlife and beyond. Taking place on Saturday 4th and Sunday 5th October, this\u00a0\u2018first-of-its-kind\u2019\u00a0wellness and lifestyle workshop marks an exciting new chapter\u00a0for the hotel. The event [...]Read More... from MIDLIFE CONVERSATIONS","og_url":"https:\/\/www.marbella.gr\/de\/easter-in-corfu\/","og_site_name":"Mar-Bella Collection","article_modified_time":"2025-10-01T09:50:51+00:00","og_image":[{"width":2560,"height":1920,"url":"https:\/\/www.marbella.gr\/app\/uploads\/2024\/11\/Nido_Suite_Life-37-scaled.jpg","type":"image\/jpeg"}],"twitter_card":"summary_large_image","twitter_misc":{"Gesch\u00e4tzte Lesezeit":"2\u00a0Minuten"},"schema":{"@context":"https:\/\/schema.org","@graph":[{"@type":"WebPage","@id":"https:\/\/www.marbella.gr\/midlife-conversations\/","url":"https:\/\/www.marbella.gr\/easter-in-corfu\/","name":"MIDLIFE CONVERSATIONS - Kollektion Mar-Bella","isPartOf":{"@id":"https:\/\/www.marbella.gr\/#website"},"primaryImageOfPage":{"@id":"https:\/\/www.marbella.gr\/easter-in-corfu\/#primaryimage"},"image":{"@id":"https:\/\/www.marbella.gr\/easter-in-corfu\/#primaryimage"},"thumbnailUrl":"https:\/\/www.marbella.gr\/app\/uploads\/2024\/11\/Nido_Suite_Life-37-scaled.jpg","datePublished":"2025-09-01T07:32:35+00:00","dateModified":"2025-10-01T09:50:51+00:00","breadcrumb":{"@id":"https:\/\/www.marbella.gr\/easter-in-corfu\/#breadcrumb"},"inLanguage":"de","potentialAction":[{"@type":"ReadAction","target":["https:\/\/www.marbella.gr\/easter-in-corfu\/"]}]},{"@type":"ImageObject","inLanguage":"de","@id":"https:\/\/www.marbella.gr\/easter-in-corfu\/#primaryimage","url":"https:\/\/www.marbella.gr\/app\/uploads\/2024\/11\/Nido_Suite_Life-37-scaled.jpg","contentUrl":"https:\/\/www.marbella.gr\/app\/uploads\/2024\/11\/Nido_Suite_Life-37-scaled.jpg","width":2560,"height":1920,"caption":"Discover Mar-Bella Collection - 5 star hotels in Corfu, Parga Greece"},{"@type":"BreadcrumbList","@id":"https:\/\/www.marbella.gr\/easter-in-corfu\/#breadcrumb","itemListElement":[{"@type":"ListItem","position":1,"name":"Home","item":"https:\/\/www.marbella.gr\/"},{"@type":"ListItem","position":2,"name":"MIDLIFE CONVERSATIONS"}]},{"@type":"WebSite","@id":"https:\/\/www.marbella.gr\/#website","url":"https:\/\/www.marbella.gr\/","name":"MarBella","description":"Eine Familie von Hotels, die Sie mit dem wundersch\u00f6nen Ionischen Meer verbindet","publisher":{"@id":"https:\/\/www.marbella.gr\/#organization"},"alternateName":"MarBella","potentialAction":[{"@type":"SearchAction","target":{"@type":"EntryPoint","urlTemplate":"https:\/\/www.marbella.gr\/?s={search_term_string}"},"query-input":{"@type":"PropertyValueSpecification","valueRequired":true,"valueName":"search_term_string"}}],"inLanguage":"de"},{"@type":"Organization","@id":"https:\/\/www.marbella.gr\/#organization","name":"MarBella","url":"https:\/\/www.marbella.gr\/","logo":{"@type":"ImageObject","inLanguage":"de","@id":"https:\/\/www.marbella.gr\/#\/schema\/logo\/image\/","url":"https:\/\/www.marbella.gr\/app\/uploads\/2023\/06\/Marbella-collection.png","contentUrl":"https:\/\/www.marbella.gr\/app\/uploads\/2023\/06\/Marbella-collection.png","width":230,"height":75,"caption":"MarBella"},"image":{"@id":"https:\/\/www.marbella.gr\/#\/schema\/logo\/image\/"}}]}},"_links":{"self":[{"href":"https:\/\/www.marbella.gr\/de\/wp-json\/wp\/v2\/pages\/10884","targetHints":{"allow":["GET"]}}],"collection":[{"href":"https:\/\/www.marbella.gr\/de\/wp-json\/wp\/v2\/pages"}],"about":[{"href":"https:\/\/www.marbella.gr\/de\/wp-json\/wp\/v2\/types\/page"}],"author":[{"embeddable":true,"href":"https:\/\/www.marbella.gr\/de\/wp-json\/wp\/v2\/users\/27"}],"replies":[{"embeddable":true,"href":"https:\/\/www.marbella.gr\/de\/wp-json\/wp\/v2\/comments?post=10884"}],"version-history":[{"count":26,"href":"https:\/\/www.marbella.gr\/de\/wp-json\/wp\/v2\/pages\/10884\/revisions"}],"predecessor-version":[{"id":11146,"href":"https:\/\/www.marbella.gr\/de\/wp-json\/wp\/v2\/pages\/10884\/revisions\/11146"}],"wp:featuredmedia":[{"embeddable":true,"href":"https:\/\/www.marbella.gr\/de\/wp-json\/wp\/v2\/media\/8483"}],"wp:attachment":[{"href":"https:\/\/www.marbella.gr\/de\/wp-json\/wp\/v2\/media?parent=10884"}],"curies":[{"name":"wp","href":"https:\/\/api.w.org\/{rel}","templated":true}]}}

<p>Diesen Oktober wird das Nido, Mar-Bella Collection, Gastgeber sein für <em>Die Midlife-Conversations</em>eine einzigartige und ermutigende Veranstaltung, die einen bedeutungsvollen Dialog anregen und fachkundige Einblicke in die Realitäten der Lebensmitte und darüber hinaus bieten soll. Die Veranstaltung findet am Samstag, den 4.<sup>th</sup> und Sonntag 5<sup>th</sup> Oktober, diese 'erste ihrer Art'<strong> Wellness- und Lifestyle-Workshop </strong>stellt ein aufregendes neues Kapitel für das Hotel dar.</p>
<p>Die Veranstaltung wird von Genevieve Nikolopulos, The Midlife Beauty Insider, moderiert, die zusammen mit einer sorgfältig zusammengestellten Gruppe renommierter Experten über Themen diskutieren wird, mit denen Frauen in der Lebensmitte konfrontiert sind - darunter <strong>Diät und Ernährung, Schönheit und Hautpflege, Fitness und hormonelle Gesundheit (einschließlich Menopause)</strong>.</p>
<p>Dies ist eine seltene Gelegenheit, von diesen brillanten Spezialisten in einem entspannten und interaktiven Rahmen zu hören.  Die Gäste erwartet ein informatives, unterhaltsames und wertvolles Gespräch mit der Möglichkeit, sich einzubringen und ihre eigenen Fragen zu stellen, sowie intimere Gesprächsrunden mit den einzelnen Experten.</p>
<p>Die Veranstaltung ist <strong>kostenlos für Hotelgäste</strong>Die Anzahl der online verfügbaren Plätze ist begrenzt, um ein intimes und intensives Erlebnis zu gewährleisten. Buchen Sie Ihren Platz online bis zum 30. September und senden Sie bis zu drei Fragen an einen unserer Experten.</p>

<!-- This site is optimized with the Yoast SEO plugin v27.4 - https://yoast.com/product/yoast-seo-wordpress/ -->
<title>MIDLIFE CONVERSATIONS - Mar-Bella Collection</title>
<meta name="robots" content="index, follow, max-snippet:-1, max-image-preview:large, max-video-preview:-1" />
<link rel="canonical" href="https://www.marbella.gr/de/easter-in-corfu/" />
<meta property="og:locale" content="de_DE" />
<meta property="og:type" content="article" />
<meta property="og:title" content="MIDLIFE CONVERSATIONS - Mar-Bella Collection" />
<meta property="og:description" content="This October, the Nido, Mar-Bella Collection will host The Midlife Conversations,  a unique and empowering event, created to spark meaningful dialogue and provide expert insights into the realities of navigating midlife and beyond. Taking place on Saturday 4th and Sunday 5th October, this ‘first-of-its-kind’ wellness and lifestyle workshop marks an exciting new chapter for the hotel. The event [...]Read More... from MIDLIFE CONVERSATIONS" />
<meta property="og:url" content="https://www.marbella.gr/de/easter-in-corfu/" />
<meta property="og:site_name" content="Mar-Bella Collection" />
<meta property="article:modified_time" content="2025-10-01T09:50:51+00:00" />
<meta property="og:image" content="https://www.marbella.gr/app/uploads/2024/11/Nido_Suite_Life-37-scaled.jpg" />
	<meta property="og:image:width" content="2560" />
	<meta property="og:image:height" content="1920" />
	<meta property="og:image:type" content="image/jpeg" />
<meta name="twitter:card" content="summary_large_image" />
<meta name="twitter:label1" content="Geschätzte Lesezeit" />
	<meta name="twitter:data1" content="2 Minuten" />
<!-- / Yoast SEO plugin. -->

Eine Familie von Hotels, die Sie mit dem wunderschönen Ionischen Meer verbindet
