{"id":14739,"date":"2026-04-24T14:22:00","date_gmt":"2026-04-24T11:22:00","guid":{"rendered":"https:\/\/www.marbella.gr\/?page_id=14739"},"modified":"2026-04-27T10:40:38","modified_gmt":"2026-04-27T07:40:38","slug":"inspire-the-body-and-mind-2026-avali","status":"publish","type":"page","link":"https:\/\/www.marbella.gr\/de\/partnerships\/inspire-the-body-and-mind-2026-avali\/","title":{"rendered":"Inspire the body and mind 2026 Avali"},"content":{"rendered":"<p>Unsere langj\u00e4hrige Partnerschaft mit Oyogo London wird in diesem Sommer auf Avali ausgeweitet, mit neuen Angeboten wie Slow Paced Strength, Express Core und Recovery Stretch &amp; Breathwork, die alle f\u00fcr jedes Niveau geeignet sind. Die Session \"Recovery Stretch\" hilft dabei, den K\u00f6rper zur\u00fcckzusetzen und zu verj\u00fcngen und sorgt so f\u00fcr ein ausgeglichenes und revitalisierendes Erlebnis in unserem neuesten Hotel.<\/p>","protected":false},"excerpt":{"rendered":"<p>Our long standing partnership with Oyogo London is extended to Avali this summer with new offerings, including Slow Paced Strength, Express Core, and Recovery Stretch &amp; Breathwork, all suitable for all levels. The Recovery Stretch session helps reset and rejuvenate your body, ensuring a balanced and revitalizing experience at our newest hotel. [&#8230;]<\/p>\n<p><a class=\"btn btn-secondary understrap-read-more-link\" href=\"https:\/\/www.marbella.gr\/de\/partnerships\/inspire-the-body-and-mind-2026-avali\/\">Read More&#8230;<span class=\"screen-reader-text\"> from Inspire the body and mind 2026 Avali<\/span><\/a><\/p>\n","protected":false},"author":27,"featured_media":8436,"parent":1034,"menu_order":0,"comment_status":"closed","ping_status":"closed","template":"","meta":{"_acf_changed":false,"footnotes":""},"class_list":["post-14739","page","type-page","status-publish","has-post-thumbnail","hentry"],"acf":[],"yoast_head":"<!-- This site is optimized with the Yoast SEO plugin v27.5 - https:\/\/yoast.com\/product\/yoast-seo-wordpress\/ -->\n<title>Wellness Experiences at Avali | Mar-Bella Collection<\/title>\n<meta name=\"description\" content=\"This summer, Oyogo London brings Slow Paced Strength, Express Core, and Recovery Stretch &amp; Breathwork to Avali.\" \/>\n<meta name=\"robots\" content=\"index, follow, max-snippet:-1, max-image-preview:large, max-video-preview:-1\" \/>\n<link rel=\"canonical\" href=\"https:\/\/www.marbella.gr\/de\/partnerships\/inspire-the-body-and-mind-2026-avali\/\" \/>\n<meta property=\"og:locale\" content=\"de_DE\" \/>\n<meta property=\"og:type\" content=\"article\" \/>\n<meta property=\"og:title\" content=\"Wellness Experiences at Avali | Mar-Bella Collection\" \/>\n<meta property=\"og:description\" content=\"This summer, Oyogo London brings Slow Paced Strength, Express Core, and Recovery Stretch &amp; Breathwork to Avali.\" \/>\n<meta property=\"og:url\" content=\"https:\/\/www.marbella.gr\/de\/partnerships\/inspire-the-body-and-mind-2026-avali\/\" \/>\n<meta property=\"og:site_name\" content=\"Mar-Bella Collection\" \/>\n<meta property=\"article:modified_time\" content=\"2026-04-27T07:40:38+00:00\" \/>\n<meta property=\"og:image\" content=\"https:\/\/www.marbella.gr\/app\/uploads\/2024\/11\/2024_05_MARBELLA_009-Yoga_0063-scaled.jpg\" \/>\n\t<meta property=\"og:image:width\" content=\"2560\" \/>\n\t<meta property=\"og:image:height\" content=\"1920\" \/>\n\t<meta property=\"og:image:type\" content=\"image\/jpeg\" \/>\n<meta name=\"twitter:card\" content=\"summary_large_image\" \/>\n<meta name=\"twitter:label1\" content=\"Gesch\u00e4tzte Lesezeit\" \/>\n\t<meta name=\"twitter:data1\" content=\"1\u00a0Minute\" \/>\n<!-- \/ Yoast SEO plugin. -->","yoast_head_json":{"title":"Wellness-Erlebnisse im Avali | Mar-Bella Collection","description":"Diesen Sommer bringt Oyogo London Slow Paced Strength, Express Core und Recovery Stretch &amp; Breathwork ins Avali.","robots":{"index":"index","follow":"follow","max-snippet":"max-snippet:-1","max-image-preview":"max-image-preview:large","max-video-preview":"max-video-preview:-1"},"canonical":"https:\/\/www.marbella.gr\/de\/partnerships\/inspire-the-body-and-mind-2026-avali\/","og_locale":"de_DE","og_type":"article","og_title":"Wellness Experiences at Avali | Mar-Bella Collection","og_description":"This summer, Oyogo London brings Slow Paced Strength, Express Core, and Recovery Stretch & Breathwork to Avali.","og_url":"https:\/\/www.marbella.gr\/de\/partnerships\/inspire-the-body-and-mind-2026-avali\/","og_site_name":"Mar-Bella Collection","article_modified_time":"2026-04-27T07:40:38+00:00","og_image":[{"width":2560,"height":1920,"url":"https:\/\/www.marbella.gr\/app\/uploads\/2024\/11\/2024_05_MARBELLA_009-Yoga_0063-scaled.jpg","type":"image\/jpeg"}],"twitter_card":"summary_large_image","twitter_misc":{"Gesch\u00e4tzte Lesezeit":"1\u00a0Minute"},"schema":{"@context":"https:\/\/schema.org","@graph":[{"@type":"WebPage","@id":"https:\/\/www.marbella.gr\/partnerships\/inspire-the-body-and-mind-2026-avali\/","url":"https:\/\/www.marbella.gr\/partnerships\/inspire-the-body-and-mind-2026-avali\/","name":"Wellness-Erlebnisse im Avali | Mar-Bella Collection","isPartOf":{"@id":"https:\/\/www.marbella.gr\/#website"},"primaryImageOfPage":{"@id":"https:\/\/www.marbella.gr\/partnerships\/inspire-the-body-and-mind-2026-avali\/#primaryimage"},"image":{"@id":"https:\/\/www.marbella.gr\/partnerships\/inspire-the-body-and-mind-2026-avali\/#primaryimage"},"thumbnailUrl":"https:\/\/www.marbella.gr\/app\/uploads\/2024\/11\/2024_05_MARBELLA_009-Yoga_0063-scaled.jpg","datePublished":"2026-04-24T11:22:00+00:00","dateModified":"2026-04-27T07:40:38+00:00","description":"Diesen Sommer bringt Oyogo London Slow Paced Strength, Express Core und Recovery Stretch &amp; Breathwork ins Avali.","breadcrumb":{"@id":"https:\/\/www.marbella.gr\/partnerships\/inspire-the-body-and-mind-2026-avali\/#breadcrumb"},"inLanguage":"de","potentialAction":[{"@type":"ReadAction","target":["https:\/\/www.marbella.gr\/partnerships\/inspire-the-body-and-mind-2026-avali\/"]}]},{"@type":"ImageObject","inLanguage":"de","@id":"https:\/\/www.marbella.gr\/partnerships\/inspire-the-body-and-mind-2026-avali\/#primaryimage","url":"https:\/\/www.marbella.gr\/app\/uploads\/2024\/11\/2024_05_MARBELLA_009-Yoga_0063-scaled.jpg","contentUrl":"https:\/\/www.marbella.gr\/app\/uploads\/2024\/11\/2024_05_MARBELLA_009-Yoga_0063-scaled.jpg","width":2560,"height":1920,"caption":"Discover Mar-Bella Collection - 5 star hotels in Corfu, Parga Greece"},{"@type":"BreadcrumbList","@id":"https:\/\/www.marbella.gr\/partnerships\/inspire-the-body-and-mind-2026-avali\/#breadcrumb","itemListElement":[{"@type":"ListItem","position":1,"name":"Home","item":"https:\/\/www.marbella.gr\/"},{"@type":"ListItem","position":2,"name":"Partnerships","item":"https:\/\/www.marbella.gr\/partnerships\/"},{"@type":"ListItem","position":3,"name":"Inspire the body and mind 2026 Avali"}]},{"@type":"WebSite","@id":"https:\/\/www.marbella.gr\/#website","url":"https:\/\/www.marbella.gr\/","name":"MarBella","description":"Eine Familie von Hotels, die Sie mit dem wundersch\u00f6nen Ionischen Meer verbindet","publisher":{"@id":"https:\/\/www.marbella.gr\/#organization"},"alternateName":"MarBella","potentialAction":[{"@type":"SearchAction","target":{"@type":"EntryPoint","urlTemplate":"https:\/\/www.marbella.gr\/?s={search_term_string}"},"query-input":{"@type":"PropertyValueSpecification","valueRequired":true,"valueName":"search_term_string"}}],"inLanguage":"de"},{"@type":"Organization","@id":"https:\/\/www.marbella.gr\/#organization","name":"MarBella","url":"https:\/\/www.marbella.gr\/","logo":{"@type":"ImageObject","inLanguage":"de","@id":"https:\/\/www.marbella.gr\/#\/schema\/logo\/image\/","url":"https:\/\/www.marbella.gr\/app\/uploads\/2023\/06\/Marbella-collection.png","contentUrl":"https:\/\/www.marbella.gr\/app\/uploads\/2023\/06\/Marbella-collection.png","width":230,"height":75,"caption":"MarBella"},"image":{"@id":"https:\/\/www.marbella.gr\/#\/schema\/logo\/image\/"}}]}},"_links":{"self":[{"href":"https:\/\/www.marbella.gr\/de\/wp-json\/wp\/v2\/pages\/14739","targetHints":{"allow":["GET"]}}],"collection":[{"href":"https:\/\/www.marbella.gr\/de\/wp-json\/wp\/v2\/pages"}],"about":[{"href":"https:\/\/www.marbella.gr\/de\/wp-json\/wp\/v2\/types\/page"}],"author":[{"embeddable":true,"href":"https:\/\/www.marbella.gr\/de\/wp-json\/wp\/v2\/users\/27"}],"replies":[{"embeddable":true,"href":"https:\/\/www.marbella.gr\/de\/wp-json\/wp\/v2\/comments?post=14739"}],"version-history":[{"count":3,"href":"https:\/\/www.marbella.gr\/de\/wp-json\/wp\/v2\/pages\/14739\/revisions"}],"predecessor-version":[{"id":14757,"href":"https:\/\/www.marbella.gr\/de\/wp-json\/wp\/v2\/pages\/14739\/revisions\/14757"}],"up":[{"embeddable":true,"href":"https:\/\/www.marbella.gr\/de\/wp-json\/wp\/v2\/pages\/1034"}],"wp:featuredmedia":[{"embeddable":true,"href":"https:\/\/www.marbella.gr\/de\/wp-json\/wp\/v2\/media\/8436"}],"wp:attachment":[{"href":"https:\/\/www.marbella.gr\/de\/wp-json\/wp\/v2\/media?parent=14739"}],"curies":[{"name":"wp","href":"https:\/\/api.w.org\/{rel}","templated":true}]}}

<p>Unsere langjährige Partnerschaft mit Oyogo London wird in diesem Sommer auf Avali ausgeweitet, mit neuen Angeboten wie Slow Paced Strength, Express Core und Recovery Stretch &amp; Breathwork, die alle für jedes Niveau geeignet sind. Die Session "Recovery Stretch" hilft dabei, den Körper zurückzusetzen und zu verjüngen und sorgt so für ein ausgeglichenes und revitalisierendes Erlebnis in unserem neuesten Hotel.</p>

<!-- This site is optimized with the Yoast SEO plugin v27.5 - https://yoast.com/product/yoast-seo-wordpress/ -->
<title>Wellness Experiences at Avali | Mar-Bella Collection</title>
<meta name="description" content="This summer, Oyogo London brings Slow Paced Strength, Express Core, and Recovery Stretch &amp; Breathwork to Avali." />
<meta name="robots" content="index, follow, max-snippet:-1, max-image-preview:large, max-video-preview:-1" />
<link rel="canonical" href="https://www.marbella.gr/de/partnerships/inspire-the-body-and-mind-2026-avali/" />
<meta property="og:locale" content="de_DE" />
<meta property="og:type" content="article" />
<meta property="og:title" content="Wellness Experiences at Avali | Mar-Bella Collection" />
<meta property="og:description" content="This summer, Oyogo London brings Slow Paced Strength, Express Core, and Recovery Stretch &amp; Breathwork to Avali." />
<meta property="og:url" content="https://www.marbella.gr/de/partnerships/inspire-the-body-and-mind-2026-avali/" />
<meta property="og:site_name" content="Mar-Bella Collection" />
<meta property="article:modified_time" content="2026-04-27T07:40:38+00:00" />
<meta property="og:image" content="https://www.marbella.gr/app/uploads/2024/11/2024_05_MARBELLA_009-Yoga_0063-scaled.jpg" />
	<meta property="og:image:width" content="2560" />
	<meta property="og:image:height" content="1920" />
	<meta property="og:image:type" content="image/jpeg" />
<meta name="twitter:card" content="summary_large_image" />
<meta name="twitter:label1" content="Geschätzte Lesezeit" />
	<meta name="twitter:data1" content="1 Minute" />
<!-- / Yoast SEO plugin. -->

Eine Familie von Hotels, die Sie mit dem wunderschönen Ionischen Meer verbindet
