{"id":9713,"date":"2025-02-21T14:44:44","date_gmt":"2025-02-21T14:44:44","guid":{"rendered":"https:\/\/www.marbella.gr\/?page_id=9713"},"modified":"2025-03-18T09:52:04","modified_gmt":"2025-03-18T09:52:04","slug":"ideal-for","status":"publish","type":"page","link":"https:\/\/www.marbella.gr\/de\/ideal-for\/","title":{"rendered":"Ideal f\u00fcr"},"content":{"rendered":"<p><span data-contrast=\"auto\">An den sonnenverw\u00f6hnten Ufern des Ionischen Meeres ist das Leben in den Hotels der Mar-Bella Collection voller Liebe, Lachen und Luxus. Finden Sie das richtige Hotel f\u00fcr sich und entdecken Sie die nat\u00fcrliche Sch\u00f6nheit, Kultur und Geschichte der Insel Korfu und Parga auf dem griechischen Festland. Ideal f\u00fcr unsere j\u00fcngeren G\u00e4ste oder die Junggebliebenen, jeder kann die unglaublichen Erfahrungen genie\u00dfen und unsere Hotels mit tollen Erinnerungen verlassen.<\/span><span data-ccp-props=\"{}\">\u00a0<\/span><\/p>","protected":false},"excerpt":{"rendered":"<p>Sitting on the sun-soaked shores of the Ionian Sea, life at the Mar-Bella Collection of hotels is full of love, laughter and luxury. Find the hotel that\u2019s right for you and discover the natural beauty, culture and history of Corfu Island and Parga in mainland Greece. Ideal for our younger guests or those young-at-heart, everyone [&#8230;]<\/p>\n<p><a class=\"btn btn-secondary understrap-read-more-link\" href=\"https:\/\/www.marbella.gr\/de\/ideal-for\/\">Read More&#8230;<span class=\"screen-reader-text\"> from Ideal for<\/span><\/a><\/p>\n","protected":false},"author":16,"featured_media":9538,"parent":0,"menu_order":0,"comment_status":"closed","ping_status":"closed","template":"","meta":{"_acf_changed":false,"footnotes":""},"class_list":["post-9713","page","type-page","status-publish","has-post-thumbnail","hentry"],"acf":[],"yoast_head":"<!-- This site is optimized with the Yoast SEO plugin v27.5 - https:\/\/yoast.com\/product\/yoast-seo-wordpress\/ -->\n<title>Ideal for - Mar-Bella Collection<\/title>\n<meta name=\"description\" content=\"Discover luxury, culture, and breathtaking beauty at Mar-Bella Collection on the sun-soaked shores of the Ionian Sea. Explore Corfu &amp; Parga for unforgettable experiences.\" \/>\n<meta name=\"robots\" content=\"index, follow, max-snippet:-1, max-image-preview:large, max-video-preview:-1\" \/>\n<link rel=\"canonical\" href=\"https:\/\/www.marbella.gr\/de\/ideal-for\/\" \/>\n<meta property=\"og:locale\" content=\"de_DE\" \/>\n<meta property=\"og:type\" content=\"article\" \/>\n<meta property=\"og:title\" content=\"Ideal for - Mar-Bella Collection\" \/>\n<meta property=\"og:description\" content=\"Discover luxury, culture, and breathtaking beauty at Mar-Bella Collection on the sun-soaked shores of the Ionian Sea. Explore Corfu &amp; Parga for unforgettable experiences.\" \/>\n<meta property=\"og:url\" content=\"https:\/\/www.marbella.gr\/de\/ideal-for\/\" \/>\n<meta property=\"og:site_name\" content=\"Mar-Bella Collection\" \/>\n<meta property=\"article:modified_time\" content=\"2025-03-18T09:52:04+00:00\" \/>\n<meta property=\"og:image\" content=\"https:\/\/www.marbella.gr\/app\/uploads\/2025\/02\/Avali_Beach-scaled.jpg\" \/>\n\t<meta property=\"og:image:width\" content=\"2560\" \/>\n\t<meta property=\"og:image:height\" content=\"1920\" \/>\n\t<meta property=\"og:image:type\" content=\"image\/jpeg\" \/>\n<meta name=\"twitter:card\" content=\"summary_large_image\" \/>\n<meta name=\"twitter:label1\" content=\"Gesch\u00e4tzte Lesezeit\" \/>\n\t<meta name=\"twitter:data1\" content=\"1\u00a0Minute\" \/>\n<!-- \/ Yoast SEO plugin. -->","yoast_head_json":{"title":"Ideal f\u00fcr - Kollektion Mar-Bella","description":"Entdecken Sie Luxus, Kultur und atemberaubende Sch\u00f6nheit in der Mar-Bella Collection an der sonnenverw\u00f6hnten K\u00fcste des Ionischen Meeres. Entdecken Sie Korfu und Parga f\u00fcr unvergessliche Erlebnisse.","robots":{"index":"index","follow":"follow","max-snippet":"max-snippet:-1","max-image-preview":"max-image-preview:large","max-video-preview":"max-video-preview:-1"},"canonical":"https:\/\/www.marbella.gr\/de\/ideal-for\/","og_locale":"de_DE","og_type":"article","og_title":"Ideal for - Mar-Bella Collection","og_description":"Discover luxury, culture, and breathtaking beauty at Mar-Bella Collection on the sun-soaked shores of the Ionian Sea. Explore Corfu & Parga for unforgettable experiences.","og_url":"https:\/\/www.marbella.gr\/de\/ideal-for\/","og_site_name":"Mar-Bella Collection","article_modified_time":"2025-03-18T09:52:04+00:00","og_image":[{"width":2560,"height":1920,"url":"https:\/\/www.marbella.gr\/app\/uploads\/2025\/02\/Avali_Beach-scaled.jpg","type":"image\/jpeg"}],"twitter_card":"summary_large_image","twitter_misc":{"Gesch\u00e4tzte Lesezeit":"1\u00a0Minute"},"schema":{"@context":"https:\/\/schema.org","@graph":[{"@type":"WebPage","@id":"https:\/\/www.marbella.gr\/ideal-for\/","url":"https:\/\/www.marbella.gr\/ideal-for\/","name":"Ideal f\u00fcr - Kollektion Mar-Bella","isPartOf":{"@id":"https:\/\/www.marbella.gr\/#website"},"primaryImageOfPage":{"@id":"https:\/\/www.marbella.gr\/ideal-for\/#primaryimage"},"image":{"@id":"https:\/\/www.marbella.gr\/ideal-for\/#primaryimage"},"thumbnailUrl":"https:\/\/www.marbella.gr\/app\/uploads\/2025\/02\/Avali_Beach-scaled.jpg","datePublished":"2025-02-21T14:44:44+00:00","dateModified":"2025-03-18T09:52:04+00:00","description":"Entdecken Sie Luxus, Kultur und atemberaubende Sch\u00f6nheit in der Mar-Bella Collection an der sonnenverw\u00f6hnten K\u00fcste des Ionischen Meeres. Entdecken Sie Korfu und Parga f\u00fcr unvergessliche Erlebnisse.","breadcrumb":{"@id":"https:\/\/www.marbella.gr\/ideal-for\/#breadcrumb"},"inLanguage":"de","potentialAction":[{"@type":"ReadAction","target":["https:\/\/www.marbella.gr\/ideal-for\/"]}]},{"@type":"ImageObject","inLanguage":"de","@id":"https:\/\/www.marbella.gr\/ideal-for\/#primaryimage","url":"https:\/\/www.marbella.gr\/app\/uploads\/2025\/02\/Avali_Beach-scaled.jpg","contentUrl":"https:\/\/www.marbella.gr\/app\/uploads\/2025\/02\/Avali_Beach-scaled.jpg","width":2560,"height":1920},{"@type":"BreadcrumbList","@id":"https:\/\/www.marbella.gr\/ideal-for\/#breadcrumb","itemListElement":[{"@type":"ListItem","position":1,"name":"Home","item":"https:\/\/www.marbella.gr\/"},{"@type":"ListItem","position":2,"name":"Ideal for"}]},{"@type":"WebSite","@id":"https:\/\/www.marbella.gr\/#website","url":"https:\/\/www.marbella.gr\/","name":"MarBella","description":"Eine Familie von Hotels, die Sie mit dem wundersch\u00f6nen Ionischen Meer verbindet","publisher":{"@id":"https:\/\/www.marbella.gr\/#organization"},"alternateName":"MarBella","potentialAction":[{"@type":"SearchAction","target":{"@type":"EntryPoint","urlTemplate":"https:\/\/www.marbella.gr\/?s={search_term_string}"},"query-input":{"@type":"PropertyValueSpecification","valueRequired":true,"valueName":"search_term_string"}}],"inLanguage":"de"},{"@type":"Organization","@id":"https:\/\/www.marbella.gr\/#organization","name":"MarBella","url":"https:\/\/www.marbella.gr\/","logo":{"@type":"ImageObject","inLanguage":"de","@id":"https:\/\/www.marbella.gr\/#\/schema\/logo\/image\/","url":"https:\/\/www.marbella.gr\/app\/uploads\/2023\/06\/Marbella-collection.png","contentUrl":"https:\/\/www.marbella.gr\/app\/uploads\/2023\/06\/Marbella-collection.png","width":230,"height":75,"caption":"MarBella"},"image":{"@id":"https:\/\/www.marbella.gr\/#\/schema\/logo\/image\/"}}]}},"_links":{"self":[{"href":"https:\/\/www.marbella.gr\/de\/wp-json\/wp\/v2\/pages\/9713","targetHints":{"allow":["GET"]}}],"collection":[{"href":"https:\/\/www.marbella.gr\/de\/wp-json\/wp\/v2\/pages"}],"about":[{"href":"https:\/\/www.marbella.gr\/de\/wp-json\/wp\/v2\/types\/page"}],"author":[{"embeddable":true,"href":"https:\/\/www.marbella.gr\/de\/wp-json\/wp\/v2\/users\/16"}],"replies":[{"embeddable":true,"href":"https:\/\/www.marbella.gr\/de\/wp-json\/wp\/v2\/comments?post=9713"}],"version-history":[{"count":29,"href":"https:\/\/www.marbella.gr\/de\/wp-json\/wp\/v2\/pages\/9713\/revisions"}],"predecessor-version":[{"id":9907,"href":"https:\/\/www.marbella.gr\/de\/wp-json\/wp\/v2\/pages\/9713\/revisions\/9907"}],"wp:featuredmedia":[{"embeddable":true,"href":"https:\/\/www.marbella.gr\/de\/wp-json\/wp\/v2\/media\/9538"}],"wp:attachment":[{"href":"https:\/\/www.marbella.gr\/de\/wp-json\/wp\/v2\/media?parent=9713"}],"curies":[{"name":"wp","href":"https:\/\/api.w.org\/{rel}","templated":true}]}}

Ideal für

<p><span data-contrast="auto">An den sonnenverwöhnten Ufern des Ionischen Meeres ist das Leben in den Hotels der Mar-Bella Collection voller Liebe, Lachen und Luxus. Finden Sie das richtige Hotel für sich und entdecken Sie die natürliche Schönheit, Kultur und Geschichte der Insel Korfu und Parga auf dem griechischen Festland. Ideal für unsere jüngeren Gäste oder die Junggebliebenen, jeder kann die unglaublichen Erfahrungen genießen und unsere Hotels mit tollen Erinnerungen verlassen.</span><span data-ccp-props="{}"> </span></p>

<!-- This site is optimized with the Yoast SEO plugin v27.5 - https://yoast.com/product/yoast-seo-wordpress/ -->
<title>Ideal for - Mar-Bella Collection</title>
<meta name="description" content="Discover luxury, culture, and breathtaking beauty at Mar-Bella Collection on the sun-soaked shores of the Ionian Sea. Explore Corfu &amp; Parga for unforgettable experiences." />
<meta name="robots" content="index, follow, max-snippet:-1, max-image-preview:large, max-video-preview:-1" />
<link rel="canonical" href="https://www.marbella.gr/de/ideal-for/" />
<meta property="og:locale" content="de_DE" />
<meta property="og:type" content="article" />
<meta property="og:title" content="Ideal for - Mar-Bella Collection" />
<meta property="og:description" content="Discover luxury, culture, and breathtaking beauty at Mar-Bella Collection on the sun-soaked shores of the Ionian Sea. Explore Corfu &amp; Parga for unforgettable experiences." />
<meta property="og:url" content="https://www.marbella.gr/de/ideal-for/" />
<meta property="og:site_name" content="Mar-Bella Collection" />
<meta property="article:modified_time" content="2025-03-18T09:52:04+00:00" />
<meta property="og:image" content="https://www.marbella.gr/app/uploads/2025/02/Avali_Beach-scaled.jpg" />
	<meta property="og:image:width" content="2560" />
	<meta property="og:image:height" content="1920" />
	<meta property="og:image:type" content="image/jpeg" />
<meta name="twitter:card" content="summary_large_image" />
<meta name="twitter:label1" content="Geschätzte Lesezeit" />
	<meta name="twitter:data1" content="1 Minute" />
<!-- / Yoast SEO plugin. -->

Ideal für - Kollektion Mar-Bella

Entdecken Sie Luxus, Kultur und atemberaubende Schönheit in der Mar-Bella Collection an der sonnenverwöhnten Küste des Ionischen Meeres. Entdecken Sie Korfu und Parga für unvergessliche Erlebnisse.

Eine Familie von Hotels, die Sie mit dem wunderschönen Ionischen Meer verbindet
