{"id":8208,"date":"2024-10-02T12:58:46","date_gmt":"2024-10-02T12:58:46","guid":{"rendered":"https:\/\/www.marbella.gr\/accommodation\/superior-family-room-private-garden-garden-view-copy-2\/"},"modified":"2025-09-25T15:55:30","modified_gmt":"2025-09-25T12:55:30","slug":"standard-double-room-grand-balcony-mountain-view","status":"publish","type":"room","link":"https:\/\/www.marbella.gr\/de\/accommodation\/standard-double-room-grand-balcony-mountain-view\/","title":{"rendered":"Standard Double Room Grand Balcony"},"content":{"rendered":"<p>Dieses stilvolle Zimmer bietet bequem Platz f\u00fcr zwei Erwachsene mit einem Doppelbett oder zwei Einzelbetten und verf\u00fcgt \u00fcber einen Ganzk\u00f6rperspiegel, einen beleuchteten Schminkspiegel und ein sch\u00f6n eingerichtetes Badezimmer mit einer erfrischenden Regendusche. Der ger\u00e4umige Balkon mit Blick \u00fcber die Landschaft ist mit zwei Fatboys und einem Tisch ausgestattet - der perfekte Ort zum Entspannen.<\/p>","protected":false},"author":13,"featured_media":8774,"template":"","room_category":[115],"room_feature":[127,103,105,107,28,29,133,38,52,101,104,102,106],"any_hotel":[96],"class_list":["post-8208","room","type-room","status-publish","has-post-thumbnail","hentry","room_category-rooms"],"acf":[],"yoast_head":"<!-- This site is optimized with the Yoast SEO plugin v27.4 - https:\/\/yoast.com\/product\/yoast-seo-wordpress\/ -->\n<title>Standard Double Room Grand Balcony | Avali, Mar-Bella Collection<\/title>\n<meta name=\"description\" content=\"This stylish room features a full body mirror, backlit makeup mirror and beautifully appointed bathroom with a rejuvenating rainshower.\" \/>\n<meta name=\"robots\" content=\"index, follow, max-snippet:-1, max-image-preview:large, max-video-preview:-1\" \/>\n<link rel=\"canonical\" href=\"https:\/\/www.marbella.gr\/de\/accommodation\/standard-double-room-grand-balcony-mountain-view\/\" \/>\n<meta property=\"og:locale\" content=\"de_DE\" \/>\n<meta property=\"og:type\" content=\"article\" \/>\n<meta property=\"og:title\" content=\"Standard Double Room Grand Balcony | Avali, Mar-Bella Collection\" \/>\n<meta property=\"og:description\" content=\"This stylish room features a full body mirror, backlit makeup mirror and beautifully appointed bathroom with a rejuvenating rainshower.\" \/>\n<meta property=\"og:url\" content=\"https:\/\/www.marbella.gr\/de\/accommodation\/standard-double-room-grand-balcony-mountain-view\/\" \/>\n<meta property=\"og:site_name\" content=\"Mar-Bella Collection\" \/>\n<meta property=\"article:modified_time\" content=\"2025-09-25T12:55:30+00:00\" \/>\n<meta property=\"og:image\" content=\"https:\/\/www.marbella.gr\/app\/uploads\/2024\/11\/Avali_Double-Room-Grand-Balcony-Mountain-View-1-scaled.jpg\" \/>\n\t<meta property=\"og:image:width\" content=\"2560\" \/>\n\t<meta property=\"og:image:height\" content=\"1920\" \/>\n\t<meta property=\"og:image:type\" content=\"image\/jpeg\" \/>\n<meta name=\"twitter:card\" content=\"summary_large_image\" \/>\n<meta name=\"twitter:label1\" content=\"Gesch\u00e4tzte Lesezeit\" \/>\n\t<meta name=\"twitter:data1\" content=\"1\u00a0Minute\" \/>\n<!-- \/ Yoast SEO plugin. -->","yoast_head_json":{"title":"Standard-Doppelzimmer Grand Balcony | Avali, Mar-Bella Collection","description":"Dieses stilvolle Zimmer verf\u00fcgt \u00fcber einen Ganzk\u00f6rperspiegel, einen beleuchteten Schminkspiegel und ein wundersch\u00f6n eingerichtetes Badezimmer mit einer erfrischenden Regendusche.","robots":{"index":"index","follow":"follow","max-snippet":"max-snippet:-1","max-image-preview":"max-image-preview:large","max-video-preview":"max-video-preview:-1"},"canonical":"https:\/\/www.marbella.gr\/de\/accommodation\/standard-double-room-grand-balcony-mountain-view\/","og_locale":"de_DE","og_type":"article","og_title":"Standard Double Room Grand Balcony | Avali, Mar-Bella Collection","og_description":"This stylish room features a full body mirror, backlit makeup mirror and beautifully appointed bathroom with a rejuvenating rainshower.","og_url":"https:\/\/www.marbella.gr\/de\/accommodation\/standard-double-room-grand-balcony-mountain-view\/","og_site_name":"Mar-Bella Collection","article_modified_time":"2025-09-25T12:55:30+00:00","og_image":[{"width":2560,"height":1920,"url":"https:\/\/www.marbella.gr\/app\/uploads\/2024\/11\/Avali_Double-Room-Grand-Balcony-Mountain-View-1-scaled.jpg","type":"image\/jpeg"}],"twitter_card":"summary_large_image","twitter_misc":{"Gesch\u00e4tzte Lesezeit":"1\u00a0Minute"},"schema":{"@context":"https:\/\/schema.org","@graph":[{"@type":"WebPage","@id":"https:\/\/www.marbella.gr\/accommodation\/standard-double-room-grand-balcony-mountain-view\/","url":"https:\/\/www.marbella.gr\/accommodation\/standard-double-room-grand-balcony-mountain-view\/","name":"Standard-Doppelzimmer Grand Balcony | Avali, Mar-Bella Collection","isPartOf":{"@id":"https:\/\/www.marbella.gr\/#website"},"primaryImageOfPage":{"@id":"https:\/\/www.marbella.gr\/accommodation\/standard-double-room-grand-balcony-mountain-view\/#primaryimage"},"image":{"@id":"https:\/\/www.marbella.gr\/accommodation\/standard-double-room-grand-balcony-mountain-view\/#primaryimage"},"thumbnailUrl":"https:\/\/www.marbella.gr\/app\/uploads\/2024\/11\/Avali_Double-Room-Grand-Balcony-Mountain-View-1-scaled.jpg","datePublished":"2024-10-02T12:58:46+00:00","dateModified":"2025-09-25T12:55:30+00:00","description":"Dieses stilvolle Zimmer verf\u00fcgt \u00fcber einen Ganzk\u00f6rperspiegel, einen beleuchteten Schminkspiegel und ein wundersch\u00f6n eingerichtetes Badezimmer mit einer erfrischenden Regendusche.","breadcrumb":{"@id":"https:\/\/www.marbella.gr\/accommodation\/standard-double-room-grand-balcony-mountain-view\/#breadcrumb"},"inLanguage":"de","potentialAction":[{"@type":"ReadAction","target":["https:\/\/www.marbella.gr\/accommodation\/standard-double-room-grand-balcony-mountain-view\/"]}]},{"@type":"ImageObject","inLanguage":"de","@id":"https:\/\/www.marbella.gr\/accommodation\/standard-double-room-grand-balcony-mountain-view\/#primaryimage","url":"https:\/\/www.marbella.gr\/app\/uploads\/2024\/11\/Avali_Double-Room-Grand-Balcony-Mountain-View-1-scaled.jpg","contentUrl":"https:\/\/www.marbella.gr\/app\/uploads\/2024\/11\/Avali_Double-Room-Grand-Balcony-Mountain-View-1-scaled.jpg","width":2560,"height":1920,"caption":"Discover Mar-Bella Collection - 5 star hotels in Corfu, Parga Greece"},{"@type":"BreadcrumbList","@id":"https:\/\/www.marbella.gr\/accommodation\/standard-double-room-grand-balcony-mountain-view\/#breadcrumb","itemListElement":[{"@type":"ListItem","position":1,"name":"Home","item":"https:\/\/www.marbella.gr\/"},{"@type":"ListItem","position":2,"name":"Standard Double Room Grand Balcony"}]},{"@type":"WebSite","@id":"https:\/\/www.marbella.gr\/#website","url":"https:\/\/www.marbella.gr\/","name":"MarBella","description":"Eine Familie von Hotels, die Sie mit dem wundersch\u00f6nen Ionischen Meer verbindet","publisher":{"@id":"https:\/\/www.marbella.gr\/#organization"},"alternateName":"MarBella","potentialAction":[{"@type":"SearchAction","target":{"@type":"EntryPoint","urlTemplate":"https:\/\/www.marbella.gr\/?s={search_term_string}"},"query-input":{"@type":"PropertyValueSpecification","valueRequired":true,"valueName":"search_term_string"}}],"inLanguage":"de"},{"@type":"Organization","@id":"https:\/\/www.marbella.gr\/#organization","name":"MarBella","url":"https:\/\/www.marbella.gr\/","logo":{"@type":"ImageObject","inLanguage":"de","@id":"https:\/\/www.marbella.gr\/#\/schema\/logo\/image\/","url":"https:\/\/www.marbella.gr\/app\/uploads\/2023\/06\/Marbella-collection.png","contentUrl":"https:\/\/www.marbella.gr\/app\/uploads\/2023\/06\/Marbella-collection.png","width":230,"height":75,"caption":"MarBella"},"image":{"@id":"https:\/\/www.marbella.gr\/#\/schema\/logo\/image\/"}}]}},"_links":{"self":[{"href":"https:\/\/www.marbella.gr\/de\/wp-json\/wp\/v2\/room\/8208","targetHints":{"allow":["GET"]}}],"collection":[{"href":"https:\/\/www.marbella.gr\/de\/wp-json\/wp\/v2\/room"}],"about":[{"href":"https:\/\/www.marbella.gr\/de\/wp-json\/wp\/v2\/types\/room"}],"author":[{"embeddable":true,"href":"https:\/\/www.marbella.gr\/de\/wp-json\/wp\/v2\/users\/13"}],"version-history":[{"count":19,"href":"https:\/\/www.marbella.gr\/de\/wp-json\/wp\/v2\/room\/8208\/revisions"}],"predecessor-version":[{"id":11020,"href":"https:\/\/www.marbella.gr\/de\/wp-json\/wp\/v2\/room\/8208\/revisions\/11020"}],"wp:featuredmedia":[{"embeddable":true,"href":"https:\/\/www.marbella.gr\/de\/wp-json\/wp\/v2\/media\/8774"}],"wp:attachment":[{"href":"https:\/\/www.marbella.gr\/de\/wp-json\/wp\/v2\/media?parent=8208"}],"wp:term":[{"taxonomy":"room_category","embeddable":true,"href":"https:\/\/www.marbella.gr\/de\/wp-json\/wp\/v2\/room_category?post=8208"},{"taxonomy":"room_feature","embeddable":true,"href":"https:\/\/www.marbella.gr\/de\/wp-json\/wp\/v2\/room_feature?post=8208"},{"taxonomy":"any_hotel","embeddable":true,"href":"https:\/\/www.marbella.gr\/de\/wp-json\/wp\/v2\/any_hotel?post=8208"}],"curies":[{"name":"wp","href":"https:\/\/api.w.org\/{rel}","templated":true}]}}

<p>Dieses stilvolle Zimmer bietet bequem Platz für zwei Erwachsene mit einem Doppelbett oder zwei Einzelbetten und verfügt über einen Ganzkörperspiegel, einen beleuchteten Schminkspiegel und ein schön eingerichtetes Badezimmer mit einer erfrischenden Regendusche. Der geräumige Balkon mit Blick über die Landschaft ist mit zwei Fatboys und einem Tisch ausgestattet - der perfekte Ort zum Entspannen.</p>

<!-- This site is optimized with the Yoast SEO plugin v27.4 - https://yoast.com/product/yoast-seo-wordpress/ -->
<title>Standard Double Room Grand Balcony | Avali, Mar-Bella Collection</title>
<meta name="description" content="This stylish room features a full body mirror, backlit makeup mirror and beautifully appointed bathroom with a rejuvenating rainshower." />
<meta name="robots" content="index, follow, max-snippet:-1, max-image-preview:large, max-video-preview:-1" />
<link rel="canonical" href="https://www.marbella.gr/de/accommodation/standard-double-room-grand-balcony-mountain-view/" />
<meta property="og:locale" content="de_DE" />
<meta property="og:type" content="article" />
<meta property="og:title" content="Standard Double Room Grand Balcony | Avali, Mar-Bella Collection" />
<meta property="og:description" content="This stylish room features a full body mirror, backlit makeup mirror and beautifully appointed bathroom with a rejuvenating rainshower." />
<meta property="og:url" content="https://www.marbella.gr/de/accommodation/standard-double-room-grand-balcony-mountain-view/" />
<meta property="og:site_name" content="Mar-Bella Collection" />
<meta property="article:modified_time" content="2025-09-25T12:55:30+00:00" />
<meta property="og:image" content="https://www.marbella.gr/app/uploads/2024/11/Avali_Double-Room-Grand-Balcony-Mountain-View-1-scaled.jpg" />
	<meta property="og:image:width" content="2560" />
	<meta property="og:image:height" content="1920" />
	<meta property="og:image:type" content="image/jpeg" />
<meta name="twitter:card" content="summary_large_image" />
<meta name="twitter:label1" content="Geschätzte Lesezeit" />
	<meta name="twitter:data1" content="1 Minute" />
<!-- / Yoast SEO plugin. -->

Dieses stilvolle Zimmer verfügt über einen Ganzkörperspiegel, einen beleuchteten Schminkspiegel und ein wunderschön eingerichtetes Badezimmer mit einer erfrischenden Regendusche.

Eine Familie von Hotels, die Sie mit dem wunderschönen Ionischen Meer verbindet
