{"id":8812,"date":"2024-11-22T10:04:15","date_gmt":"2024-11-22T10:04:15","guid":{"rendered":"https:\/\/www.marbella.gr\/accommodation\/penthouse-junior-suite-front-sea-view-copy\/"},"modified":"2025-08-11T08:37:57","modified_gmt":"2025-08-11T08:37:57","slug":"rooftop-deluxe-double-room-mountain-view","status":"publish","type":"room","link":"https:\/\/www.marbella.gr\/de\/accommodation\/rooftop-deluxe-double-room-mountain-view\/","title":{"rendered":"Rooftop Deluxe Double Room"},"content":{"rendered":"<p><span data-teams=\"true\">Ein stilvolles, ger\u00e4umiges Zimmer, in dem bis zu zwei Erwachsene bequem in einem Kingsize-Bett schlafen k\u00f6nnen und das mit einem separaten Sofa, einem Ganzk\u00f6rperspiegel und einem beleuchteten Schminkspiegel ausgestattet ist. Der \u00fcberdachte, offene Balkon bietet einen ungehinderten Blick auf die \u00fcppige Landschaft und ist mit einem Tagesbett und einem Couchtisch sowie einer Reihe von Lounge-M\u00f6beln ausgestattet, die f\u00fcr eine entspannte Atmosph\u00e4re sorgen. Dieses sch\u00f6ne Angebot wird durch ein separates Badezimmer mit einer verj\u00fcngenden Regendusche vervollst\u00e4ndigt.<\/span><\/p>","protected":false},"author":16,"featured_media":8835,"template":"","room_category":[115],"room_feature":[103,105,109,122,107,28,29,112,113,133,38,52,101,27,123,104,102,106],"any_hotel":[96],"class_list":["post-8812","room","type-room","status-publish","has-post-thumbnail","hentry","room_category-rooms"],"acf":[],"yoast_head":"<!-- This site is optimized with the Yoast SEO plugin v27.5 - https:\/\/yoast.com\/product\/yoast-seo-wordpress\/ -->\n<title>Rooftop Deluxe Double Room | Avali, Mar-Bella Collection<\/title>\n<meta name=\"description\" content=\"Double room with Mountain views, king\/twin beds, rain shower, balcony, minibar, Nespresso, 50\u201d TV, and premium amenities for 2 adults.\" \/>\n<meta name=\"robots\" content=\"index, follow, max-snippet:-1, max-image-preview:large, max-video-preview:-1\" \/>\n<link rel=\"canonical\" href=\"https:\/\/www.marbella.gr\/de\/accommodation\/rooftop-deluxe-double-room-mountain-view\/\" \/>\n<meta property=\"og:locale\" content=\"de_DE\" \/>\n<meta property=\"og:type\" content=\"article\" \/>\n<meta property=\"og:title\" content=\"Rooftop Deluxe Double Room | Avali, Mar-Bella Collection\" \/>\n<meta property=\"og:description\" content=\"Double room with Mountain views, king\/twin beds, rain shower, balcony, minibar, Nespresso, 50\u201d TV, and premium amenities for 2 adults.\" \/>\n<meta property=\"og:url\" content=\"https:\/\/www.marbella.gr\/de\/accommodation\/rooftop-deluxe-double-room-mountain-view\/\" \/>\n<meta property=\"og:site_name\" content=\"Mar-Bella Collection\" \/>\n<meta property=\"article:modified_time\" content=\"2025-08-11T08:37:57+00:00\" \/>\n<meta property=\"og:image\" content=\"https:\/\/www.marbella.gr\/app\/uploads\/2024\/11\/GENERIC.jpg\" \/>\n\t<meta property=\"og:image:width\" content=\"1332\" \/>\n\t<meta property=\"og:image:height\" content=\"749\" \/>\n\t<meta property=\"og:image:type\" content=\"image\/jpeg\" \/>\n<meta name=\"twitter:card\" content=\"summary_large_image\" \/>\n<meta name=\"twitter:label1\" content=\"Gesch\u00e4tzte Lesezeit\" \/>\n\t<meta name=\"twitter:data1\" content=\"1\u00a0Minute\" \/>\n<!-- \/ Yoast SEO plugin. -->","yoast_head_json":{"title":"Deluxe-Doppelzimmer mit Dachterrasse | Avali, Mar-Bella Collection","description":"Doppelzimmer mit Bergblick, Kingsize-\/Zwillingsbetten, Regendusche, Balkon, Minibar, Nespresso, 50\"-TV und Premium-Annehmlichkeiten f\u00fcr 2 Erwachsene.","robots":{"index":"index","follow":"follow","max-snippet":"max-snippet:-1","max-image-preview":"max-image-preview:large","max-video-preview":"max-video-preview:-1"},"canonical":"https:\/\/www.marbella.gr\/de\/accommodation\/rooftop-deluxe-double-room-mountain-view\/","og_locale":"de_DE","og_type":"article","og_title":"Rooftop Deluxe Double Room | Avali, Mar-Bella Collection","og_description":"Double room with Mountain views, king\/twin beds, rain shower, balcony, minibar, Nespresso, 50\u201d TV, and premium amenities for 2 adults.","og_url":"https:\/\/www.marbella.gr\/de\/accommodation\/rooftop-deluxe-double-room-mountain-view\/","og_site_name":"Mar-Bella Collection","article_modified_time":"2025-08-11T08:37:57+00:00","og_image":[{"width":1332,"height":749,"url":"https:\/\/www.marbella.gr\/app\/uploads\/2024\/11\/GENERIC.jpg","type":"image\/jpeg"}],"twitter_card":"summary_large_image","twitter_misc":{"Gesch\u00e4tzte Lesezeit":"1\u00a0Minute"},"schema":{"@context":"https:\/\/schema.org","@graph":[{"@type":"WebPage","@id":"https:\/\/www.marbella.gr\/accommodation\/rooftop-deluxe-double-room-mountain-view\/","url":"https:\/\/www.marbella.gr\/accommodation\/rooftop-deluxe-double-room-mountain-view\/","name":"Deluxe-Doppelzimmer mit Dachterrasse | Avali, Mar-Bella Collection","isPartOf":{"@id":"https:\/\/www.marbella.gr\/#website"},"primaryImageOfPage":{"@id":"https:\/\/www.marbella.gr\/accommodation\/rooftop-deluxe-double-room-mountain-view\/#primaryimage"},"image":{"@id":"https:\/\/www.marbella.gr\/accommodation\/rooftop-deluxe-double-room-mountain-view\/#primaryimage"},"thumbnailUrl":"https:\/\/www.marbella.gr\/app\/uploads\/2024\/11\/GENERIC.jpg","datePublished":"2024-11-22T10:04:15+00:00","dateModified":"2025-08-11T08:37:57+00:00","description":"Doppelzimmer mit Bergblick, Kingsize-\/Zwillingsbetten, Regendusche, Balkon, Minibar, Nespresso, 50\"-TV und Premium-Annehmlichkeiten f\u00fcr 2 Erwachsene.","breadcrumb":{"@id":"https:\/\/www.marbella.gr\/accommodation\/rooftop-deluxe-double-room-mountain-view\/#breadcrumb"},"inLanguage":"de","potentialAction":[{"@type":"ReadAction","target":["https:\/\/www.marbella.gr\/accommodation\/rooftop-deluxe-double-room-mountain-view\/"]}]},{"@type":"ImageObject","inLanguage":"de","@id":"https:\/\/www.marbella.gr\/accommodation\/rooftop-deluxe-double-room-mountain-view\/#primaryimage","url":"https:\/\/www.marbella.gr\/app\/uploads\/2024\/11\/GENERIC.jpg","contentUrl":"https:\/\/www.marbella.gr\/app\/uploads\/2024\/11\/GENERIC.jpg","width":1332,"height":749,"caption":"Discover Mar-Bella Collection - 5 star hotels in Corfu, Parga Greece"},{"@type":"BreadcrumbList","@id":"https:\/\/www.marbella.gr\/accommodation\/rooftop-deluxe-double-room-mountain-view\/#breadcrumb","itemListElement":[{"@type":"ListItem","position":1,"name":"Home","item":"https:\/\/www.marbella.gr\/"},{"@type":"ListItem","position":2,"name":"Rooftop Deluxe Double Room"}]},{"@type":"WebSite","@id":"https:\/\/www.marbella.gr\/#website","url":"https:\/\/www.marbella.gr\/","name":"MarBella","description":"Eine Familie von Hotels, die Sie mit dem wundersch\u00f6nen Ionischen Meer verbindet","publisher":{"@id":"https:\/\/www.marbella.gr\/#organization"},"alternateName":"MarBella","potentialAction":[{"@type":"SearchAction","target":{"@type":"EntryPoint","urlTemplate":"https:\/\/www.marbella.gr\/?s={search_term_string}"},"query-input":{"@type":"PropertyValueSpecification","valueRequired":true,"valueName":"search_term_string"}}],"inLanguage":"de"},{"@type":"Organization","@id":"https:\/\/www.marbella.gr\/#organization","name":"MarBella","url":"https:\/\/www.marbella.gr\/","logo":{"@type":"ImageObject","inLanguage":"de","@id":"https:\/\/www.marbella.gr\/#\/schema\/logo\/image\/","url":"https:\/\/www.marbella.gr\/app\/uploads\/2023\/06\/Marbella-collection.png","contentUrl":"https:\/\/www.marbella.gr\/app\/uploads\/2023\/06\/Marbella-collection.png","width":230,"height":75,"caption":"MarBella"},"image":{"@id":"https:\/\/www.marbella.gr\/#\/schema\/logo\/image\/"}}]}},"_links":{"self":[{"href":"https:\/\/www.marbella.gr\/de\/wp-json\/wp\/v2\/room\/8812","targetHints":{"allow":["GET"]}}],"collection":[{"href":"https:\/\/www.marbella.gr\/de\/wp-json\/wp\/v2\/room"}],"about":[{"href":"https:\/\/www.marbella.gr\/de\/wp-json\/wp\/v2\/types\/room"}],"author":[{"embeddable":true,"href":"https:\/\/www.marbella.gr\/de\/wp-json\/wp\/v2\/users\/16"}],"version-history":[{"count":11,"href":"https:\/\/www.marbella.gr\/de\/wp-json\/wp\/v2\/room\/8812\/revisions"}],"predecessor-version":[{"id":10734,"href":"https:\/\/www.marbella.gr\/de\/wp-json\/wp\/v2\/room\/8812\/revisions\/10734"}],"wp:featuredmedia":[{"embeddable":true,"href":"https:\/\/www.marbella.gr\/de\/wp-json\/wp\/v2\/media\/8835"}],"wp:attachment":[{"href":"https:\/\/www.marbella.gr\/de\/wp-json\/wp\/v2\/media?parent=8812"}],"wp:term":[{"taxonomy":"room_category","embeddable":true,"href":"https:\/\/www.marbella.gr\/de\/wp-json\/wp\/v2\/room_category?post=8812"},{"taxonomy":"room_feature","embeddable":true,"href":"https:\/\/www.marbella.gr\/de\/wp-json\/wp\/v2\/room_feature?post=8812"},{"taxonomy":"any_hotel","embeddable":true,"href":"https:\/\/www.marbella.gr\/de\/wp-json\/wp\/v2\/any_hotel?post=8812"}],"curies":[{"name":"wp","href":"https:\/\/api.w.org\/{rel}","templated":true}]}}

<p><span data-teams="true">Ein stilvolles, geräumiges Zimmer, in dem bis zu zwei Erwachsene bequem in einem Kingsize-Bett schlafen können und das mit einem separaten Sofa, einem Ganzkörperspiegel und einem beleuchteten Schminkspiegel ausgestattet ist. Der überdachte, offene Balkon bietet einen ungehinderten Blick auf die üppige Landschaft und ist mit einem Tagesbett und einem Couchtisch sowie einer Reihe von Lounge-Möbeln ausgestattet, die für eine entspannte Atmosphäre sorgen. Dieses schöne Angebot wird durch ein separates Badezimmer mit einer verjüngenden Regendusche vervollständigt.</span></p>

<!-- This site is optimized with the Yoast SEO plugin v27.5 - https://yoast.com/product/yoast-seo-wordpress/ -->
<title>Rooftop Deluxe Double Room | Avali, Mar-Bella Collection</title>
<meta name="description" content="Double room with Mountain views, king/twin beds, rain shower, balcony, minibar, Nespresso, 50” TV, and premium amenities for 2 adults." />
<meta name="robots" content="index, follow, max-snippet:-1, max-image-preview:large, max-video-preview:-1" />
<link rel="canonical" href="https://www.marbella.gr/de/accommodation/rooftop-deluxe-double-room-mountain-view/" />
<meta property="og:locale" content="de_DE" />
<meta property="og:type" content="article" />
<meta property="og:title" content="Rooftop Deluxe Double Room | Avali, Mar-Bella Collection" />
<meta property="og:description" content="Double room with Mountain views, king/twin beds, rain shower, balcony, minibar, Nespresso, 50” TV, and premium amenities for 2 adults." />
<meta property="og:url" content="https://www.marbella.gr/de/accommodation/rooftop-deluxe-double-room-mountain-view/" />
<meta property="og:site_name" content="Mar-Bella Collection" />
<meta property="article:modified_time" content="2025-08-11T08:37:57+00:00" />
<meta property="og:image" content="https://www.marbella.gr/app/uploads/2024/11/GENERIC.jpg" />
	<meta property="og:image:width" content="1332" />
	<meta property="og:image:height" content="749" />
	<meta property="og:image:type" content="image/jpeg" />
<meta name="twitter:card" content="summary_large_image" />
<meta name="twitter:label1" content="Geschätzte Lesezeit" />
	<meta name="twitter:data1" content="1 Minute" />
<!-- / Yoast SEO plugin. -->

Doppelzimmer mit Bergblick, Kingsize-/Zwillingsbetten, Regendusche, Balkon, Minibar, Nespresso, 50"-TV und Premium-Annehmlichkeiten für 2 Erwachsene.

Eine Familie von Hotels, die Sie mit dem wunderschönen Ionischen Meer verbindet
