{"id":10654,"date":"2025-08-04T14:50:55","date_gmt":"2025-08-04T14:50:55","guid":{"rendered":"https:\/\/www.marbella.gr\/?page_id=10654"},"modified":"2025-08-13T10:19:57","modified_gmt":"2025-08-13T10:19:57","slug":"sustainability-connection","status":"publish","type":"page","link":"https:\/\/www.marbella.gr\/fr\/sustainability\/sustainability-connection\/","title":{"rendered":"CONNEXION"},"content":{"rendered":"<p>Au c\u0153ur de tout cela, il y a la connexion, notre conviction que prendre soin de la plan\u00e8te et des gens commence par un sens partag\u00e9 de l'objectif parmi nos h\u00f4tes, nos \u00e9quipes et nos communaut\u00e9s. Nous tendons activement la main \u00e0 nos h\u00f4tes, aux membres de nos \u00e9quipes et aux communaut\u00e9s locales afin de partager, d'\u00e9changer des id\u00e9es et d'entretenir des liens significatifs. Gr\u00e2ce \u00e0 ce sentiment d'unit\u00e9, nous cr\u00e9ons un sentiment d'appartenance et d'entraide qui nous rappelle que nous faisons tous partie de quelque chose de plus grand. Connect\u00e9s, nous grandissons, nous apprenons et nous allons de l'avant avec d\u00e9termination.<\/p>","protected":false},"excerpt":{"rendered":"<p>At the heart of it all is connection, our belief that caring for the planet and people starts with a shared sense of purpose among our guests, teams, and communities. We actively reach out to our guests, team members, and local communities to share, to exchange ideas and nurture meaningful connections. Through this sense of [&#8230;]<\/p>\n<p><a class=\"btn btn-secondary understrap-read-more-link\" href=\"https:\/\/www.marbella.gr\/fr\/sustainability\/sustainability-connection\/\">Read More&#8230;<span class=\"screen-reader-text\"> from CONNECTION<\/span><\/a><\/p>\n","protected":false},"author":16,"featured_media":0,"parent":1036,"menu_order":0,"comment_status":"closed","ping_status":"closed","template":"","meta":{"_acf_changed":false,"footnotes":""},"class_list":["post-10654","page","type-page","status-publish","hentry"],"acf":[],"yoast_head":"<!-- This site is optimized with the Yoast SEO plugin v27.4 - https:\/\/yoast.com\/product\/yoast-seo-wordpress\/ -->\n<title>CONNECTION - Mar-Bella Collection<\/title>\n<meta name=\"robots\" content=\"index, follow, max-snippet:-1, max-image-preview:large, max-video-preview:-1\" \/>\n<link rel=\"canonical\" href=\"https:\/\/www.marbella.gr\/fr\/sustainability\/sustainability-connection\/\" \/>\n<meta property=\"og:locale\" content=\"fr_FR\" \/>\n<meta property=\"og:type\" content=\"article\" \/>\n<meta property=\"og:title\" content=\"CONNECTION - Mar-Bella Collection\" \/>\n<meta property=\"og:description\" content=\"At the heart of it all is connection, our belief that caring for the planet and people starts with a shared sense of purpose among our guests, teams, and communities. We actively reach out to our guests, team members, and local communities to share, to exchange ideas and nurture meaningful connections. Through this sense of [...]Read More... from CONNECTION\" \/>\n<meta property=\"og:url\" content=\"https:\/\/www.marbella.gr\/fr\/sustainability\/sustainability-connection\/\" \/>\n<meta property=\"og:site_name\" content=\"Mar-Bella Collection\" \/>\n<meta property=\"article:modified_time\" content=\"2025-08-13T10:19:57+00:00\" \/>\n<meta property=\"og:image\" content=\"https:\/\/www.marbella.gr\/app\/uploads\/2024\/05\/Elix_Water-Sports-2-scaled.jpg\" \/>\n\t<meta property=\"og:image:width\" content=\"2560\" \/>\n\t<meta property=\"og:image:height\" content=\"1705\" \/>\n\t<meta property=\"og:image:type\" content=\"image\/jpeg\" \/>\n<meta name=\"twitter:card\" content=\"summary_large_image\" \/>\n<meta name=\"twitter:label1\" content=\"Dur\u00e9e de lecture estim\u00e9e\" \/>\n\t<meta name=\"twitter:data1\" content=\"1 minute\" \/>\n<!-- \/ Yoast SEO plugin. -->","yoast_head_json":{"title":"CONNECTION - Collection Mar-Bella","robots":{"index":"index","follow":"follow","max-snippet":"max-snippet:-1","max-image-preview":"max-image-preview:large","max-video-preview":"max-video-preview:-1"},"canonical":"https:\/\/www.marbella.gr\/fr\/sustainability\/sustainability-connection\/","og_locale":"fr_FR","og_type":"article","og_title":"CONNECTION - Mar-Bella Collection","og_description":"At the heart of it all is connection, our belief that caring for the planet and people starts with a shared sense of purpose among our guests, teams, and communities. We actively reach out to our guests, team members, and local communities to share, to exchange ideas and nurture meaningful connections. Through this sense of [...]Read More... from CONNECTION","og_url":"https:\/\/www.marbella.gr\/fr\/sustainability\/sustainability-connection\/","og_site_name":"Mar-Bella Collection","article_modified_time":"2025-08-13T10:19:57+00:00","og_image":[{"width":2560,"height":1705,"url":"https:\/\/www.marbella.gr\/app\/uploads\/2024\/05\/Elix_Water-Sports-2-scaled.jpg","type":"image\/jpeg"}],"twitter_card":"summary_large_image","twitter_misc":{"Dur\u00e9e de lecture estim\u00e9e":"1 minute"},"schema":{"@context":"https:\/\/schema.org","@graph":[{"@type":"WebPage","@id":"https:\/\/www.marbella.gr\/sustainability\/sustainability-connection\/","url":"https:\/\/www.marbella.gr\/sustainability\/sustainability-connection\/","name":"CONNECTION - Collection Mar-Bella","isPartOf":{"@id":"https:\/\/www.marbella.gr\/#website"},"datePublished":"2025-08-04T14:50:55+00:00","dateModified":"2025-08-13T10:19:57+00:00","breadcrumb":{"@id":"https:\/\/www.marbella.gr\/sustainability\/sustainability-connection\/#breadcrumb"},"inLanguage":"fr-FR","potentialAction":[{"@type":"ReadAction","target":["https:\/\/www.marbella.gr\/sustainability\/sustainability-connection\/"]}]},{"@type":"BreadcrumbList","@id":"https:\/\/www.marbella.gr\/sustainability\/sustainability-connection\/#breadcrumb","itemListElement":[{"@type":"ListItem","position":1,"name":"Home","item":"https:\/\/www.marbella.gr\/"},{"@type":"ListItem","position":2,"name":"Environmental &#038; Social Responsibility","item":"https:\/\/www.marbella.gr\/sustainability\/"},{"@type":"ListItem","position":3,"name":"CONNECTION"}]},{"@type":"WebSite","@id":"https:\/\/www.marbella.gr\/#website","url":"https:\/\/www.marbella.gr\/","name":"MarBella","description":"Une famille d'h\u00f4tels vous reliant \u00e0 la magnifique mer Ionienne","publisher":{"@id":"https:\/\/www.marbella.gr\/#organization"},"alternateName":"MarBella","potentialAction":[{"@type":"SearchAction","target":{"@type":"EntryPoint","urlTemplate":"https:\/\/www.marbella.gr\/?s={search_term_string}"},"query-input":{"@type":"PropertyValueSpecification","valueRequired":true,"valueName":"search_term_string"}}],"inLanguage":"fr-FR"},{"@type":"Organization","@id":"https:\/\/www.marbella.gr\/#organization","name":"MarBella","url":"https:\/\/www.marbella.gr\/","logo":{"@type":"ImageObject","inLanguage":"fr-FR","@id":"https:\/\/www.marbella.gr\/#\/schema\/logo\/image\/","url":"https:\/\/www.marbella.gr\/app\/uploads\/2023\/06\/Marbella-collection.png","contentUrl":"https:\/\/www.marbella.gr\/app\/uploads\/2023\/06\/Marbella-collection.png","width":230,"height":75,"caption":"MarBella"},"image":{"@id":"https:\/\/www.marbella.gr\/#\/schema\/logo\/image\/"}}]}},"_links":{"self":[{"href":"https:\/\/www.marbella.gr\/fr\/wp-json\/wp\/v2\/pages\/10654","targetHints":{"allow":["GET"]}}],"collection":[{"href":"https:\/\/www.marbella.gr\/fr\/wp-json\/wp\/v2\/pages"}],"about":[{"href":"https:\/\/www.marbella.gr\/fr\/wp-json\/wp\/v2\/types\/page"}],"author":[{"embeddable":true,"href":"https:\/\/www.marbella.gr\/fr\/wp-json\/wp\/v2\/users\/16"}],"replies":[{"embeddable":true,"href":"https:\/\/www.marbella.gr\/fr\/wp-json\/wp\/v2\/comments?post=10654"}],"version-history":[{"count":3,"href":"https:\/\/www.marbella.gr\/fr\/wp-json\/wp\/v2\/pages\/10654\/revisions"}],"predecessor-version":[{"id":10799,"href":"https:\/\/www.marbella.gr\/fr\/wp-json\/wp\/v2\/pages\/10654\/revisions\/10799"}],"up":[{"embeddable":true,"href":"https:\/\/www.marbella.gr\/fr\/wp-json\/wp\/v2\/pages\/1036"}],"wp:attachment":[{"href":"https:\/\/www.marbella.gr\/fr\/wp-json\/wp\/v2\/media?parent=10654"}],"curies":[{"name":"wp","href":"https:\/\/api.w.org\/{rel}","templated":true}]}}

<p>Au cœur de tout cela, il y a la connexion, notre conviction que prendre soin de la planète et des gens commence par un sens partagé de l'objectif parmi nos hôtes, nos équipes et nos communautés. Nous tendons activement la main à nos hôtes, aux membres de nos équipes et aux communautés locales afin de partager, d'échanger des idées et d'entretenir des liens significatifs. Grâce à ce sentiment d'unité, nous créons un sentiment d'appartenance et d'entraide qui nous rappelle que nous faisons tous partie de quelque chose de plus grand. Connectés, nous grandissons, nous apprenons et nous allons de l'avant avec détermination.</p>

<!-- This site is optimized with the Yoast SEO plugin v27.4 - https://yoast.com/product/yoast-seo-wordpress/ -->
<title>CONNECTION - Mar-Bella Collection</title>
<meta name="robots" content="index, follow, max-snippet:-1, max-image-preview:large, max-video-preview:-1" />
<link rel="canonical" href="https://www.marbella.gr/fr/sustainability/sustainability-connection/" />
<meta property="og:locale" content="fr_FR" />
<meta property="og:type" content="article" />
<meta property="og:title" content="CONNECTION - Mar-Bella Collection" />
<meta property="og:description" content="At the heart of it all is connection, our belief that caring for the planet and people starts with a shared sense of purpose among our guests, teams, and communities. We actively reach out to our guests, team members, and local communities to share, to exchange ideas and nurture meaningful connections. Through this sense of [...]Read More... from CONNECTION" />
<meta property="og:url" content="https://www.marbella.gr/fr/sustainability/sustainability-connection/" />
<meta property="og:site_name" content="Mar-Bella Collection" />
<meta property="article:modified_time" content="2025-08-13T10:19:57+00:00" />
<meta property="og:image" content="https://www.marbella.gr/app/uploads/2024/05/Elix_Water-Sports-2-scaled.jpg" />
	<meta property="og:image:width" content="2560" />
	<meta property="og:image:height" content="1705" />
	<meta property="og:image:type" content="image/jpeg" />
<meta name="twitter:card" content="summary_large_image" />
<meta name="twitter:label1" content="Durée de lecture estimée" />
	<meta name="twitter:data1" content="1 minute" />
<!-- / Yoast SEO plugin. -->

Une famille d'hôtels vous reliant à la magnifique mer Ionienne
