{"id":10884,"date":"2025-09-01T10:32:35","date_gmt":"2025-09-01T07:32:35","guid":{"rendered":"https:\/\/www.marbella.gr\/?page_id=10884"},"modified":"2025-10-01T12:50:51","modified_gmt":"2025-10-01T09:50:51","slug":"midlife-conversations","status":"publish","type":"page","link":"https:\/\/www.marbella.gr\/fr\/midlife-conversations\/","title":{"rendered":"CONVERSATIONS DE LA QUARANTAINE"},"content":{"rendered":"<p>En octobre, la collection Nido, Mar-Bella accueillera <em>Les conversations de la quarantaine<\/em>Le programme de l'Ann\u00e9e europ\u00e9enne de l'\u00e9ducation et de la formation tout au long de la vie est un \u00e9v\u00e9nement unique et stimulant, cr\u00e9\u00e9 pour susciter un dialogue constructif et fournir des informations d'experts sur les r\u00e9alit\u00e9s du milieu de la vie et de l'apr\u00e8s-vie. Cet \u00e9v\u00e9nement aura lieu le samedi 4<sup>.<\/sup> et le dimanche 5<sup>.<\/sup> En octobre, ce \"premier du genre\" a \u00e9t\u00e9 mis en place par la Commission europ\u00e9enne.<strong>\u00a0atelier sur le bien-\u00eatre et le mode de vie <\/strong>marque un nouveau chapitre passionnant pour l'h\u00f4tel.<\/p>\n<p>L'\u00e9v\u00e9nement sera anim\u00e9 par Genevieve Nikolopulos, The Midlife Beauty Insider, qui sera rejointe par un groupe d'experts de renom soigneusement s\u00e9lectionn\u00e9, pour discuter des sujets auxquels les femmes sont confront\u00e9es \u00e0 la cinquantaine, notamment\u00a0<strong>r\u00e9gime alimentaire et nutrition, beaut\u00e9 et soins de la peau, forme physique et sant\u00e9 hormonale (y compris la m\u00e9nopause)<\/strong>.<\/p>\n<p>Il s'agit d'une occasion rare d'entendre ces brillants sp\u00e9cialistes dans un cadre d\u00e9tendu et interactif.  Les invit\u00e9s assisteront \u00e0 une conversation informative, amusante et inestimable, avec la possibilit\u00e9 de s'engager et de poser leurs propres questions, ainsi qu'\u00e0 des sessions plus intimes en petits groupes avec chaque expert.<\/p>\n<p>L'\u00e9v\u00e9nement est <strong>gratuit pour les clients de l'h\u00f4tel<\/strong>R\u00e9servez votre place en ligne jusqu'au 30 septembre et envoyez jusqu'\u00e0 trois questions \u00e0 l'un de nos experts.<\/p>","protected":false},"excerpt":{"rendered":"<p>This October, the Nido, Mar-Bella Collection will host The Midlife Conversations,\u00a0 a unique and empowering event, created to spark meaningful dialogue and provide expert insights into the realities of navigating midlife and beyond. Taking place on Saturday 4th and Sunday 5th October, this\u00a0\u2018first-of-its-kind\u2019\u00a0wellness and lifestyle workshop marks an exciting new chapter\u00a0for the hotel. The event [&#8230;]<\/p>\n<p><a class=\"btn btn-secondary understrap-read-more-link\" href=\"https:\/\/www.marbella.gr\/fr\/midlife-conversations\/\">Read More&#8230;<span class=\"screen-reader-text\"> from MIDLIFE CONVERSATIONS<\/span><\/a><\/p>\n","protected":false},"author":27,"featured_media":8483,"parent":0,"menu_order":0,"comment_status":"closed","ping_status":"closed","template":"","meta":{"_acf_changed":false,"footnotes":""},"class_list":["post-10884","page","type-page","status-publish","has-post-thumbnail","hentry"],"acf":[],"yoast_head":"<!-- This site is optimized with the Yoast SEO plugin v27.4 - https:\/\/yoast.com\/product\/yoast-seo-wordpress\/ -->\n<title>MIDLIFE CONVERSATIONS - Mar-Bella Collection<\/title>\n<meta name=\"robots\" content=\"index, follow, max-snippet:-1, max-image-preview:large, max-video-preview:-1\" \/>\n<link rel=\"canonical\" href=\"https:\/\/www.marbella.gr\/fr\/easter-in-corfu\/\" \/>\n<meta property=\"og:locale\" content=\"fr_FR\" \/>\n<meta property=\"og:type\" content=\"article\" \/>\n<meta property=\"og:title\" content=\"MIDLIFE CONVERSATIONS - Mar-Bella Collection\" \/>\n<meta property=\"og:description\" content=\"This October, the Nido, Mar-Bella Collection will host The Midlife Conversations,\u00a0 a unique and empowering event, created to spark meaningful dialogue and provide expert insights into the realities of navigating midlife and beyond. Taking place on Saturday 4th and Sunday 5th October, this\u00a0\u2018first-of-its-kind\u2019\u00a0wellness and lifestyle workshop marks an exciting new chapter\u00a0for the hotel. The event [...]Read More... from MIDLIFE CONVERSATIONS\" \/>\n<meta property=\"og:url\" content=\"https:\/\/www.marbella.gr\/fr\/easter-in-corfu\/\" \/>\n<meta property=\"og:site_name\" content=\"Mar-Bella Collection\" \/>\n<meta property=\"article:modified_time\" content=\"2025-10-01T09:50:51+00:00\" \/>\n<meta property=\"og:image\" content=\"https:\/\/www.marbella.gr\/app\/uploads\/2024\/11\/Nido_Suite_Life-37-scaled.jpg\" \/>\n\t<meta property=\"og:image:width\" content=\"2560\" \/>\n\t<meta property=\"og:image:height\" content=\"1920\" \/>\n\t<meta property=\"og:image:type\" content=\"image\/jpeg\" \/>\n<meta name=\"twitter:card\" content=\"summary_large_image\" \/>\n<meta name=\"twitter:label1\" content=\"Dur\u00e9e de lecture estim\u00e9e\" \/>\n\t<meta name=\"twitter:data1\" content=\"2 minutes\" \/>\n<!-- \/ Yoast SEO plugin. -->","yoast_head_json":{"title":"CONVERSATIONS MIDLIFE - Collection Mar-Bella","robots":{"index":"index","follow":"follow","max-snippet":"max-snippet:-1","max-image-preview":"max-image-preview:large","max-video-preview":"max-video-preview:-1"},"canonical":"https:\/\/www.marbella.gr\/fr\/easter-in-corfu\/","og_locale":"fr_FR","og_type":"article","og_title":"MIDLIFE CONVERSATIONS - Mar-Bella Collection","og_description":"This October, the Nido, Mar-Bella Collection will host The Midlife Conversations,\u00a0 a unique and empowering event, created to spark meaningful dialogue and provide expert insights into the realities of navigating midlife and beyond. Taking place on Saturday 4th and Sunday 5th October, this\u00a0\u2018first-of-its-kind\u2019\u00a0wellness and lifestyle workshop marks an exciting new chapter\u00a0for the hotel. The event [...]Read More... from MIDLIFE CONVERSATIONS","og_url":"https:\/\/www.marbella.gr\/fr\/easter-in-corfu\/","og_site_name":"Mar-Bella Collection","article_modified_time":"2025-10-01T09:50:51+00:00","og_image":[{"width":2560,"height":1920,"url":"https:\/\/www.marbella.gr\/app\/uploads\/2024\/11\/Nido_Suite_Life-37-scaled.jpg","type":"image\/jpeg"}],"twitter_card":"summary_large_image","twitter_misc":{"Dur\u00e9e de lecture estim\u00e9e":"2 minutes"},"schema":{"@context":"https:\/\/schema.org","@graph":[{"@type":"WebPage","@id":"https:\/\/www.marbella.gr\/midlife-conversations\/","url":"https:\/\/www.marbella.gr\/easter-in-corfu\/","name":"CONVERSATIONS MIDLIFE - Collection Mar-Bella","isPartOf":{"@id":"https:\/\/www.marbella.gr\/#website"},"primaryImageOfPage":{"@id":"https:\/\/www.marbella.gr\/easter-in-corfu\/#primaryimage"},"image":{"@id":"https:\/\/www.marbella.gr\/easter-in-corfu\/#primaryimage"},"thumbnailUrl":"https:\/\/www.marbella.gr\/app\/uploads\/2024\/11\/Nido_Suite_Life-37-scaled.jpg","datePublished":"2025-09-01T07:32:35+00:00","dateModified":"2025-10-01T09:50:51+00:00","breadcrumb":{"@id":"https:\/\/www.marbella.gr\/easter-in-corfu\/#breadcrumb"},"inLanguage":"fr-FR","potentialAction":[{"@type":"ReadAction","target":["https:\/\/www.marbella.gr\/easter-in-corfu\/"]}]},{"@type":"ImageObject","inLanguage":"fr-FR","@id":"https:\/\/www.marbella.gr\/easter-in-corfu\/#primaryimage","url":"https:\/\/www.marbella.gr\/app\/uploads\/2024\/11\/Nido_Suite_Life-37-scaled.jpg","contentUrl":"https:\/\/www.marbella.gr\/app\/uploads\/2024\/11\/Nido_Suite_Life-37-scaled.jpg","width":2560,"height":1920,"caption":"Discover Mar-Bella Collection - 5 star hotels in Corfu, Parga Greece"},{"@type":"BreadcrumbList","@id":"https:\/\/www.marbella.gr\/easter-in-corfu\/#breadcrumb","itemListElement":[{"@type":"ListItem","position":1,"name":"Home","item":"https:\/\/www.marbella.gr\/"},{"@type":"ListItem","position":2,"name":"MIDLIFE CONVERSATIONS"}]},{"@type":"WebSite","@id":"https:\/\/www.marbella.gr\/#website","url":"https:\/\/www.marbella.gr\/","name":"MarBella","description":"Une famille d'h\u00f4tels vous reliant \u00e0 la magnifique mer Ionienne","publisher":{"@id":"https:\/\/www.marbella.gr\/#organization"},"alternateName":"MarBella","potentialAction":[{"@type":"SearchAction","target":{"@type":"EntryPoint","urlTemplate":"https:\/\/www.marbella.gr\/?s={search_term_string}"},"query-input":{"@type":"PropertyValueSpecification","valueRequired":true,"valueName":"search_term_string"}}],"inLanguage":"fr-FR"},{"@type":"Organization","@id":"https:\/\/www.marbella.gr\/#organization","name":"MarBella","url":"https:\/\/www.marbella.gr\/","logo":{"@type":"ImageObject","inLanguage":"fr-FR","@id":"https:\/\/www.marbella.gr\/#\/schema\/logo\/image\/","url":"https:\/\/www.marbella.gr\/app\/uploads\/2023\/06\/Marbella-collection.png","contentUrl":"https:\/\/www.marbella.gr\/app\/uploads\/2023\/06\/Marbella-collection.png","width":230,"height":75,"caption":"MarBella"},"image":{"@id":"https:\/\/www.marbella.gr\/#\/schema\/logo\/image\/"}}]}},"_links":{"self":[{"href":"https:\/\/www.marbella.gr\/fr\/wp-json\/wp\/v2\/pages\/10884","targetHints":{"allow":["GET"]}}],"collection":[{"href":"https:\/\/www.marbella.gr\/fr\/wp-json\/wp\/v2\/pages"}],"about":[{"href":"https:\/\/www.marbella.gr\/fr\/wp-json\/wp\/v2\/types\/page"}],"author":[{"embeddable":true,"href":"https:\/\/www.marbella.gr\/fr\/wp-json\/wp\/v2\/users\/27"}],"replies":[{"embeddable":true,"href":"https:\/\/www.marbella.gr\/fr\/wp-json\/wp\/v2\/comments?post=10884"}],"version-history":[{"count":26,"href":"https:\/\/www.marbella.gr\/fr\/wp-json\/wp\/v2\/pages\/10884\/revisions"}],"predecessor-version":[{"id":11146,"href":"https:\/\/www.marbella.gr\/fr\/wp-json\/wp\/v2\/pages\/10884\/revisions\/11146"}],"wp:featuredmedia":[{"embeddable":true,"href":"https:\/\/www.marbella.gr\/fr\/wp-json\/wp\/v2\/media\/8483"}],"wp:attachment":[{"href":"https:\/\/www.marbella.gr\/fr\/wp-json\/wp\/v2\/media?parent=10884"}],"curies":[{"name":"wp","href":"https:\/\/api.w.org\/{rel}","templated":true}]}}

<p>En octobre, la collection Nido, Mar-Bella accueillera <em>Les conversations de la quarantaine</em>Le programme de l'Année européenne de l'éducation et de la formation tout au long de la vie est un événement unique et stimulant, créé pour susciter un dialogue constructif et fournir des informations d'experts sur les réalités du milieu de la vie et de l'après-vie. Cet événement aura lieu le samedi 4<sup>.</sup> et le dimanche 5<sup>.</sup> En octobre, ce "premier du genre" a été mis en place par la Commission européenne.<strong> atelier sur le bien-être et le mode de vie </strong>marque un nouveau chapitre passionnant pour l'hôtel.</p>
<p>L'événement sera animé par Genevieve Nikolopulos, The Midlife Beauty Insider, qui sera rejointe par un groupe d'experts de renom soigneusement sélectionné, pour discuter des sujets auxquels les femmes sont confrontées à la cinquantaine, notamment <strong>régime alimentaire et nutrition, beauté et soins de la peau, forme physique et santé hormonale (y compris la ménopause)</strong>.</p>
<p>Il s'agit d'une occasion rare d'entendre ces brillants spécialistes dans un cadre détendu et interactif.  Les invités assisteront à une conversation informative, amusante et inestimable, avec la possibilité de s'engager et de poser leurs propres questions, ainsi qu'à des sessions plus intimes en petits groupes avec chaque expert.</p>
<p>L'événement est <strong>gratuit pour les clients de l'hôtel</strong>Réservez votre place en ligne jusqu'au 30 septembre et envoyez jusqu'à trois questions à l'un de nos experts.</p>

<!-- This site is optimized with the Yoast SEO plugin v27.4 - https://yoast.com/product/yoast-seo-wordpress/ -->
<title>MIDLIFE CONVERSATIONS - Mar-Bella Collection</title>
<meta name="robots" content="index, follow, max-snippet:-1, max-image-preview:large, max-video-preview:-1" />
<link rel="canonical" href="https://www.marbella.gr/fr/easter-in-corfu/" />
<meta property="og:locale" content="fr_FR" />
<meta property="og:type" content="article" />
<meta property="og:title" content="MIDLIFE CONVERSATIONS - Mar-Bella Collection" />
<meta property="og:description" content="This October, the Nido, Mar-Bella Collection will host The Midlife Conversations,  a unique and empowering event, created to spark meaningful dialogue and provide expert insights into the realities of navigating midlife and beyond. Taking place on Saturday 4th and Sunday 5th October, this ‘first-of-its-kind’ wellness and lifestyle workshop marks an exciting new chapter for the hotel. The event [...]Read More... from MIDLIFE CONVERSATIONS" />
<meta property="og:url" content="https://www.marbella.gr/fr/easter-in-corfu/" />
<meta property="og:site_name" content="Mar-Bella Collection" />
<meta property="article:modified_time" content="2025-10-01T09:50:51+00:00" />
<meta property="og:image" content="https://www.marbella.gr/app/uploads/2024/11/Nido_Suite_Life-37-scaled.jpg" />
	<meta property="og:image:width" content="2560" />
	<meta property="og:image:height" content="1920" />
	<meta property="og:image:type" content="image/jpeg" />
<meta name="twitter:card" content="summary_large_image" />
<meta name="twitter:label1" content="Durée de lecture estimée" />
	<meta name="twitter:data1" content="2 minutes" />
<!-- / Yoast SEO plugin. -->

Une famille d'hôtels vous reliant à la magnifique mer Ionienne
