{"id":2294,"date":"2023-05-23T13:12:06","date_gmt":"2023-05-23T13:12:06","guid":{"rendered":"https:\/\/www.marbella.gr\/hotels\/marbella-corfu\/gallery-copy\/"},"modified":"2026-07-15T13:32:23","modified_gmt":"2026-07-15T10:32:23","slug":"gallery","status":"publish","type":"page","link":"https:\/\/www.marbella.gr\/fr\/gallery\/","title":{"rendered":"Galerie"},"content":{"rendered":"","protected":false},"excerpt":{"rendered":"<p> [&#8230;]<\/p>\n<p><a class=\"btn btn-secondary understrap-read-more-link\" href=\"https:\/\/www.marbella.gr\/fr\/gallery\/\">Read More&#8230;<span class=\"screen-reader-text\"> from Gallery<\/span><\/a><\/p>\n","protected":false},"author":11,"featured_media":10828,"parent":0,"menu_order":0,"comment_status":"closed","ping_status":"closed","template":"page-templates\/gallery.php","meta":{"_acf_changed":false,"footnotes":""},"class_list":["post-2294","page","type-page","status-publish","has-post-thumbnail","hentry"],"acf":[],"yoast_head":"<!-- This site is optimized with the Yoast SEO plugin v28.2 - https:\/\/yoast.com\/product\/yoast-seo-wordpress\/ -->\n<title>Photos &amp; Videos | Mar-Bella Collection<\/title>\n<meta name=\"description\" content=\"Explore the stunning Mar-Bella collection through our captivating gallery. Be inspired by breathtaking photos and videos.\" \/>\n<meta name=\"robots\" content=\"index, follow, max-snippet:-1, max-image-preview:large, max-video-preview:-1\" \/>\n<link rel=\"canonical\" href=\"https:\/\/www.marbella.gr\/fr\/gallery\/\" \/>\n<meta property=\"og:locale\" content=\"fr_FR\" \/>\n<meta property=\"og:type\" content=\"article\" \/>\n<meta property=\"og:title\" content=\"Photos &amp; Videos | Mar-Bella Collection\" \/>\n<meta property=\"og:description\" content=\"Explore the stunning Mar-Bella collection through our captivating gallery. Be inspired by breathtaking photos and videos.\" \/>\n<meta property=\"og:url\" content=\"https:\/\/www.marbella.gr\/fr\/gallery\/\" \/>\n<meta property=\"og:site_name\" content=\"Mar-Bella Collection\" \/>\n<meta property=\"article:modified_time\" content=\"2026-07-15T10:32:23+00:00\" \/>\n<meta property=\"og:image\" content=\"https:\/\/www.marbella.gr\/app\/uploads\/2025\/08\/Avali_Pool-Area-3-scaled.jpg\" \/>\n\t<meta property=\"og:image:width\" content=\"1984\" \/>\n\t<meta property=\"og:image:height\" content=\"2560\" \/>\n\t<meta property=\"og:image:type\" content=\"image\/jpeg\" \/>\n<meta name=\"twitter:card\" content=\"summary_large_image\" \/>\n<meta name=\"twitter:label1\" content=\"Dur\u00e9e de lecture estim\u00e9e\" \/>\n\t<meta name=\"twitter:data1\" content=\"1 minute\" \/>\n<!-- \/ Yoast SEO plugin. -->","yoast_head_json":{"title":"Photos &amp; Vid\u00e9os | Mar-Bella Collection","description":"Explorez l'\u00e9tonnante collection Mar-Bella \u00e0 travers notre galerie captivante. Laissez-vous inspirer par des photos et des vid\u00e9os \u00e0 couper le souffle.","robots":{"index":"index","follow":"follow","max-snippet":"max-snippet:-1","max-image-preview":"max-image-preview:large","max-video-preview":"max-video-preview:-1"},"canonical":"https:\/\/www.marbella.gr\/fr\/gallery\/","og_locale":"fr_FR","og_type":"article","og_title":"Photos & Videos | Mar-Bella Collection","og_description":"Explore the stunning Mar-Bella collection through our captivating gallery. Be inspired by breathtaking photos and videos.","og_url":"https:\/\/www.marbella.gr\/fr\/gallery\/","og_site_name":"Mar-Bella Collection","article_modified_time":"2026-07-15T10:32:23+00:00","og_image":[{"width":1984,"height":2560,"url":"https:\/\/www.marbella.gr\/app\/uploads\/2025\/08\/Avali_Pool-Area-3-scaled.jpg","type":"image\/jpeg"}],"twitter_card":"summary_large_image","twitter_misc":{"Dur\u00e9e de lecture estim\u00e9e":"1 minute"},"schema":{"@context":"https:\/\/schema.org","@graph":[{"@type":"WebPage","@id":"https:\/\/www.marbella.gr\/gallery\/","url":"https:\/\/www.marbella.gr\/gallery\/","name":"Photos &amp; Vid\u00e9os | Mar-Bella Collection","isPartOf":{"@id":"https:\/\/www.marbella.gr\/#website"},"primaryImageOfPage":{"@id":"https:\/\/www.marbella.gr\/gallery\/#primaryimage"},"image":{"@id":"https:\/\/www.marbella.gr\/gallery\/#primaryimage"},"thumbnailUrl":"https:\/\/www.marbella.gr\/app\/uploads\/2025\/08\/Avali_Pool-Area-3-scaled.jpg","datePublished":"2023-05-23T13:12:06+00:00","dateModified":"2026-07-15T10:32:23+00:00","description":"Explorez l'\u00e9tonnante collection Mar-Bella \u00e0 travers notre galerie captivante. Laissez-vous inspirer par des photos et des vid\u00e9os \u00e0 couper le souffle.","breadcrumb":{"@id":"https:\/\/www.marbella.gr\/gallery\/#breadcrumb"},"inLanguage":"fr-FR","potentialAction":[{"@type":"ReadAction","target":["https:\/\/www.marbella.gr\/gallery\/"]}]},{"@type":"ImageObject","inLanguage":"fr-FR","@id":"https:\/\/www.marbella.gr\/gallery\/#primaryimage","url":"https:\/\/www.marbella.gr\/app\/uploads\/2025\/08\/Avali_Pool-Area-3-scaled.jpg","contentUrl":"https:\/\/www.marbella.gr\/app\/uploads\/2025\/08\/Avali_Pool-Area-3-scaled.jpg","width":1984,"height":2560,"caption":"default"},{"@type":"BreadcrumbList","@id":"https:\/\/www.marbella.gr\/gallery\/#breadcrumb","itemListElement":[{"@type":"ListItem","position":1,"name":"Home","item":"https:\/\/www.marbella.gr\/"},{"@type":"ListItem","position":2,"name":"Gallery"}]},{"@type":"WebSite","@id":"https:\/\/www.marbella.gr\/#website","url":"https:\/\/www.marbella.gr\/","name":"MarBella","description":"Une famille d'h\u00f4tels vous reliant \u00e0 la magnifique mer Ionienne","publisher":{"@id":"https:\/\/www.marbella.gr\/#organization"},"alternateName":"MarBella","potentialAction":[{"@type":"SearchAction","target":{"@type":"EntryPoint","urlTemplate":"https:\/\/www.marbella.gr\/?s={search_term_string}"},"query-input":{"@type":"PropertyValueSpecification","valueRequired":true,"valueName":"search_term_string"}}],"inLanguage":"fr-FR"},{"@type":"Organization","@id":"https:\/\/www.marbella.gr\/#organization","name":"MarBella","url":"https:\/\/www.marbella.gr\/","logo":{"@type":"ImageObject","inLanguage":"fr-FR","@id":"https:\/\/www.marbella.gr\/#\/schema\/logo\/image\/","url":"https:\/\/www.marbella.gr\/app\/uploads\/2023\/06\/Marbella-collection.png","contentUrl":"https:\/\/www.marbella.gr\/app\/uploads\/2023\/06\/Marbella-collection.png","width":230,"height":75,"caption":"MarBella"},"image":{"@id":"https:\/\/www.marbella.gr\/#\/schema\/logo\/image\/"}}]}},"_links":{"self":[{"href":"https:\/\/www.marbella.gr\/fr\/wp-json\/wp\/v2\/pages\/2294","targetHints":{"allow":["GET"]}}],"collection":[{"href":"https:\/\/www.marbella.gr\/fr\/wp-json\/wp\/v2\/pages"}],"about":[{"href":"https:\/\/www.marbella.gr\/fr\/wp-json\/wp\/v2\/types\/page"}],"author":[{"embeddable":true,"href":"https:\/\/www.marbella.gr\/fr\/wp-json\/wp\/v2\/users\/11"}],"replies":[{"embeddable":true,"href":"https:\/\/www.marbella.gr\/fr\/wp-json\/wp\/v2\/comments?post=2294"}],"version-history":[{"count":53,"href":"https:\/\/www.marbella.gr\/fr\/wp-json\/wp\/v2\/pages\/2294\/revisions"}],"predecessor-version":[{"id":16814,"href":"https:\/\/www.marbella.gr\/fr\/wp-json\/wp\/v2\/pages\/2294\/revisions\/16814"}],"wp:featuredmedia":[{"embeddable":true,"href":"https:\/\/www.marbella.gr\/fr\/wp-json\/wp\/v2\/media\/10828"}],"wp:attachment":[{"href":"https:\/\/www.marbella.gr\/fr\/wp-json\/wp\/v2\/media?parent=2294"}],"curies":[{"name":"wp","href":"https:\/\/api.w.org\/{rel}","templated":true}]}}

<!-- This site is optimized with the Yoast SEO plugin v28.2 - https://yoast.com/product/yoast-seo-wordpress/ -->
<title>Photos &amp; Videos | Mar-Bella Collection</title>
<meta name="description" content="Explore the stunning Mar-Bella collection through our captivating gallery. Be inspired by breathtaking photos and videos." />
<meta name="robots" content="index, follow, max-snippet:-1, max-image-preview:large, max-video-preview:-1" />
<link rel="canonical" href="https://www.marbella.gr/fr/gallery/" />
<meta property="og:locale" content="fr_FR" />
<meta property="og:type" content="article" />
<meta property="og:title" content="Photos &amp; Videos | Mar-Bella Collection" />
<meta property="og:description" content="Explore the stunning Mar-Bella collection through our captivating gallery. Be inspired by breathtaking photos and videos." />
<meta property="og:url" content="https://www.marbella.gr/fr/gallery/" />
<meta property="og:site_name" content="Mar-Bella Collection" />
<meta property="article:modified_time" content="2026-07-15T10:32:23+00:00" />
<meta property="og:image" content="https://www.marbella.gr/app/uploads/2025/08/Avali_Pool-Area-3-scaled.jpg" />
	<meta property="og:image:width" content="1984" />
	<meta property="og:image:height" content="2560" />
	<meta property="og:image:type" content="image/jpeg" />
<meta name="twitter:card" content="summary_large_image" />
<meta name="twitter:label1" content="Durée de lecture estimée" />
	<meta name="twitter:data1" content="1 minute" />
<!-- / Yoast SEO plugin. -->

Photos &amp; Vidéos | Mar-Bella Collection

Explorez l'étonnante collection Mar-Bella à travers notre galerie captivante. Laissez-vous inspirer par des photos et des vidéos à couper le souffle.

Une famille d'hôtels vous reliant à la magnifique mer Ionienne
