{"id":9658,"date":"2025-02-17T12:29:15","date_gmt":"2025-02-17T12:29:15","guid":{"rendered":"https:\/\/www.marbella.gr\/?page_id=9658"},"modified":"2025-08-21T10:15:22","modified_gmt":"2025-08-21T10:15:22","slug":"inspire-the-body-and-mind-2025-avali","status":"publish","type":"page","link":"https:\/\/www.marbella.gr\/fr\/partnerships\/inspire-the-body-and-mind-2025-avali\/","title":{"rendered":"Inspirer le corps et l'esprit 2025"},"content":{"rendered":"<p>Notre partenariat de longue date avec Oyogo London s'\u00e9tend \u00e0 Avali cet \u00e9t\u00e9 avec de nouvelles offres, y compris Slow Paced Strength, Express Core, et Recovery Stretch &amp; Breathwork, toutes adapt\u00e9es \u00e0 tous les niveaux. La s\u00e9ance d'\u00e9tirement de r\u00e9cup\u00e9ration aide \u00e0 r\u00e9initialiser et \u00e0 rajeunir votre corps, garantissant une exp\u00e9rience \u00e9quilibr\u00e9e et revitalisante dans notre tout nouvel h\u00f4tel.<\/p>","protected":false},"excerpt":{"rendered":"<p>Our long standing partnership with Oyogo London is extended to Avali this summer with new offerings, including Slow Paced Strength, Express Core, and Recovery Stretch &amp; Breathwork, all suitable for all levels. The Recovery Stretch session helps reset and rejuvenate your body, ensuring a balanced and revitalizing experience at our newest hotel. [&#8230;]<\/p>\n<p><a class=\"btn btn-secondary understrap-read-more-link\" href=\"https:\/\/www.marbella.gr\/fr\/partnerships\/inspire-the-body-and-mind-2025-avali\/\">Read More&#8230;<span class=\"screen-reader-text\"> from Inspire the body and mind 2025<\/span><\/a><\/p>\n","protected":false},"author":27,"featured_media":8436,"parent":1034,"menu_order":0,"comment_status":"closed","ping_status":"closed","template":"","meta":{"_acf_changed":false,"footnotes":""},"class_list":["post-9658","page","type-page","status-publish","has-post-thumbnail","hentry"],"acf":[],"yoast_head":"<!-- This site is optimized with the Yoast SEO plugin v27.5 - https:\/\/yoast.com\/product\/yoast-seo-wordpress\/ -->\n<title>Wellness Experiences at Avali | Mar-Bella Collection<\/title>\n<meta name=\"description\" content=\"This summer, Oyogo London brings Slow Paced Strength, Express Core, and Recovery Stretch &amp; Breathwork to Avali.\" \/>\n<meta name=\"robots\" content=\"index, follow, max-snippet:-1, max-image-preview:large, max-video-preview:-1\" \/>\n<link rel=\"canonical\" href=\"https:\/\/www.marbella.gr\/fr\/partnerships\/inspire-the-body-and-mind-2025-avali\/\" \/>\n<meta property=\"og:locale\" content=\"fr_FR\" \/>\n<meta property=\"og:type\" content=\"article\" \/>\n<meta property=\"og:title\" content=\"Wellness Experiences at Avali | Mar-Bella Collection\" \/>\n<meta property=\"og:description\" content=\"This summer, Oyogo London brings Slow Paced Strength, Express Core, and Recovery Stretch &amp; Breathwork to Avali.\" \/>\n<meta property=\"og:url\" content=\"https:\/\/www.marbella.gr\/fr\/partnerships\/inspire-the-body-and-mind-2025-avali\/\" \/>\n<meta property=\"og:site_name\" content=\"Mar-Bella Collection\" \/>\n<meta property=\"article:modified_time\" content=\"2025-08-21T10:15:22+00:00\" \/>\n<meta property=\"og:image\" content=\"https:\/\/www.marbella.gr\/app\/uploads\/2024\/11\/2024_05_MARBELLA_009-Yoga_0063-scaled.jpg\" \/>\n\t<meta property=\"og:image:width\" content=\"2560\" \/>\n\t<meta property=\"og:image:height\" content=\"1920\" \/>\n\t<meta property=\"og:image:type\" content=\"image\/jpeg\" \/>\n<meta name=\"twitter:card\" content=\"summary_large_image\" \/>\n<meta name=\"twitter:label1\" content=\"Dur\u00e9e de lecture estim\u00e9e\" \/>\n\t<meta name=\"twitter:data1\" content=\"1 minute\" \/>\n<!-- \/ Yoast SEO plugin. -->","yoast_head_json":{"title":"Exp\u00e9riences de bien-\u00eatre \u00e0 Avali | Mar-Bella Collection","description":"Cet \u00e9t\u00e9, Oyogo London pr\u00e9sente Slow Paced Strength, Express Core et Recovery Stretch &amp; Breathwork \u00e0 Avali.","robots":{"index":"index","follow":"follow","max-snippet":"max-snippet:-1","max-image-preview":"max-image-preview:large","max-video-preview":"max-video-preview:-1"},"canonical":"https:\/\/www.marbella.gr\/fr\/partnerships\/inspire-the-body-and-mind-2025-avali\/","og_locale":"fr_FR","og_type":"article","og_title":"Wellness Experiences at Avali | Mar-Bella Collection","og_description":"This summer, Oyogo London brings Slow Paced Strength, Express Core, and Recovery Stretch & Breathwork to Avali.","og_url":"https:\/\/www.marbella.gr\/fr\/partnerships\/inspire-the-body-and-mind-2025-avali\/","og_site_name":"Mar-Bella Collection","article_modified_time":"2025-08-21T10:15:22+00:00","og_image":[{"width":2560,"height":1920,"url":"https:\/\/www.marbella.gr\/app\/uploads\/2024\/11\/2024_05_MARBELLA_009-Yoga_0063-scaled.jpg","type":"image\/jpeg"}],"twitter_card":"summary_large_image","twitter_misc":{"Dur\u00e9e de lecture estim\u00e9e":"1 minute"},"schema":{"@context":"https:\/\/schema.org","@graph":[{"@type":"WebPage","@id":"https:\/\/www.marbella.gr\/partnerships\/inspire-the-body-and-mind-2025-avali\/","url":"https:\/\/www.marbella.gr\/partnerships\/inspire-the-body-and-mind-2025-avali\/","name":"Exp\u00e9riences de bien-\u00eatre \u00e0 Avali | Mar-Bella Collection","isPartOf":{"@id":"https:\/\/www.marbella.gr\/#website"},"primaryImageOfPage":{"@id":"https:\/\/www.marbella.gr\/partnerships\/inspire-the-body-and-mind-2025-avali\/#primaryimage"},"image":{"@id":"https:\/\/www.marbella.gr\/partnerships\/inspire-the-body-and-mind-2025-avali\/#primaryimage"},"thumbnailUrl":"https:\/\/www.marbella.gr\/app\/uploads\/2024\/11\/2024_05_MARBELLA_009-Yoga_0063-scaled.jpg","datePublished":"2025-02-17T12:29:15+00:00","dateModified":"2025-08-21T10:15:22+00:00","description":"Cet \u00e9t\u00e9, Oyogo London pr\u00e9sente Slow Paced Strength, Express Core et Recovery Stretch &amp; Breathwork \u00e0 Avali.","breadcrumb":{"@id":"https:\/\/www.marbella.gr\/partnerships\/inspire-the-body-and-mind-2025-avali\/#breadcrumb"},"inLanguage":"fr-FR","potentialAction":[{"@type":"ReadAction","target":["https:\/\/www.marbella.gr\/partnerships\/inspire-the-body-and-mind-2025-avali\/"]}]},{"@type":"ImageObject","inLanguage":"fr-FR","@id":"https:\/\/www.marbella.gr\/partnerships\/inspire-the-body-and-mind-2025-avali\/#primaryimage","url":"https:\/\/www.marbella.gr\/app\/uploads\/2024\/11\/2024_05_MARBELLA_009-Yoga_0063-scaled.jpg","contentUrl":"https:\/\/www.marbella.gr\/app\/uploads\/2024\/11\/2024_05_MARBELLA_009-Yoga_0063-scaled.jpg","width":2560,"height":1920,"caption":"Discover Mar-Bella Collection - 5 star hotels in Corfu, Parga Greece"},{"@type":"BreadcrumbList","@id":"https:\/\/www.marbella.gr\/partnerships\/inspire-the-body-and-mind-2025-avali\/#breadcrumb","itemListElement":[{"@type":"ListItem","position":1,"name":"Home","item":"https:\/\/www.marbella.gr\/"},{"@type":"ListItem","position":2,"name":"Partnerships","item":"https:\/\/www.marbella.gr\/partnerships\/"},{"@type":"ListItem","position":3,"name":"Inspire the body and mind 2025"}]},{"@type":"WebSite","@id":"https:\/\/www.marbella.gr\/#website","url":"https:\/\/www.marbella.gr\/","name":"MarBella","description":"Une famille d'h\u00f4tels vous reliant \u00e0 la magnifique mer Ionienne","publisher":{"@id":"https:\/\/www.marbella.gr\/#organization"},"alternateName":"MarBella","potentialAction":[{"@type":"SearchAction","target":{"@type":"EntryPoint","urlTemplate":"https:\/\/www.marbella.gr\/?s={search_term_string}"},"query-input":{"@type":"PropertyValueSpecification","valueRequired":true,"valueName":"search_term_string"}}],"inLanguage":"fr-FR"},{"@type":"Organization","@id":"https:\/\/www.marbella.gr\/#organization","name":"MarBella","url":"https:\/\/www.marbella.gr\/","logo":{"@type":"ImageObject","inLanguage":"fr-FR","@id":"https:\/\/www.marbella.gr\/#\/schema\/logo\/image\/","url":"https:\/\/www.marbella.gr\/app\/uploads\/2023\/06\/Marbella-collection.png","contentUrl":"https:\/\/www.marbella.gr\/app\/uploads\/2023\/06\/Marbella-collection.png","width":230,"height":75,"caption":"MarBella"},"image":{"@id":"https:\/\/www.marbella.gr\/#\/schema\/logo\/image\/"}}]}},"_links":{"self":[{"href":"https:\/\/www.marbella.gr\/fr\/wp-json\/wp\/v2\/pages\/9658","targetHints":{"allow":["GET"]}}],"collection":[{"href":"https:\/\/www.marbella.gr\/fr\/wp-json\/wp\/v2\/pages"}],"about":[{"href":"https:\/\/www.marbella.gr\/fr\/wp-json\/wp\/v2\/types\/page"}],"author":[{"embeddable":true,"href":"https:\/\/www.marbella.gr\/fr\/wp-json\/wp\/v2\/users\/27"}],"replies":[{"embeddable":true,"href":"https:\/\/www.marbella.gr\/fr\/wp-json\/wp\/v2\/comments?post=9658"}],"version-history":[{"count":13,"href":"https:\/\/www.marbella.gr\/fr\/wp-json\/wp\/v2\/pages\/9658\/revisions"}],"predecessor-version":[{"id":10842,"href":"https:\/\/www.marbella.gr\/fr\/wp-json\/wp\/v2\/pages\/9658\/revisions\/10842"}],"up":[{"embeddable":true,"href":"https:\/\/www.marbella.gr\/fr\/wp-json\/wp\/v2\/pages\/1034"}],"wp:featuredmedia":[{"embeddable":true,"href":"https:\/\/www.marbella.gr\/fr\/wp-json\/wp\/v2\/media\/8436"}],"wp:attachment":[{"href":"https:\/\/www.marbella.gr\/fr\/wp-json\/wp\/v2\/media?parent=9658"}],"curies":[{"name":"wp","href":"https:\/\/api.w.org\/{rel}","templated":true}]}}

<p>Notre partenariat de longue date avec Oyogo London s'étend à Avali cet été avec de nouvelles offres, y compris Slow Paced Strength, Express Core, et Recovery Stretch &amp; Breathwork, toutes adaptées à tous les niveaux. La séance d'étirement de récupération aide à réinitialiser et à rajeunir votre corps, garantissant une expérience équilibrée et revitalisante dans notre tout nouvel hôtel.</p>

<!-- This site is optimized with the Yoast SEO plugin v27.5 - https://yoast.com/product/yoast-seo-wordpress/ -->
<title>Wellness Experiences at Avali | Mar-Bella Collection</title>
<meta name="description" content="This summer, Oyogo London brings Slow Paced Strength, Express Core, and Recovery Stretch &amp; Breathwork to Avali." />
<meta name="robots" content="index, follow, max-snippet:-1, max-image-preview:large, max-video-preview:-1" />
<link rel="canonical" href="https://www.marbella.gr/fr/partnerships/inspire-the-body-and-mind-2025-avali/" />
<meta property="og:locale" content="fr_FR" />
<meta property="og:type" content="article" />
<meta property="og:title" content="Wellness Experiences at Avali | Mar-Bella Collection" />
<meta property="og:description" content="This summer, Oyogo London brings Slow Paced Strength, Express Core, and Recovery Stretch &amp; Breathwork to Avali." />
<meta property="og:url" content="https://www.marbella.gr/fr/partnerships/inspire-the-body-and-mind-2025-avali/" />
<meta property="og:site_name" content="Mar-Bella Collection" />
<meta property="article:modified_time" content="2025-08-21T10:15:22+00:00" />
<meta property="og:image" content="https://www.marbella.gr/app/uploads/2024/11/2024_05_MARBELLA_009-Yoga_0063-scaled.jpg" />
	<meta property="og:image:width" content="2560" />
	<meta property="og:image:height" content="1920" />
	<meta property="og:image:type" content="image/jpeg" />
<meta name="twitter:card" content="summary_large_image" />
<meta name="twitter:label1" content="Durée de lecture estimée" />
	<meta name="twitter:data1" content="1 minute" />
<!-- / Yoast SEO plugin. -->

Expériences de bien-être à Avali | Mar-Bella Collection

Cet été, Oyogo London présente Slow Paced Strength, Express Core et Recovery Stretch &amp; Breathwork à Avali.

Une famille d'hôtels vous reliant à la magnifique mer Ionienne
