{"id":9713,"date":"2025-02-21T14:44:44","date_gmt":"2025-02-21T14:44:44","guid":{"rendered":"https:\/\/www.marbella.gr\/?page_id=9713"},"modified":"2025-03-18T09:52:04","modified_gmt":"2025-03-18T09:52:04","slug":"ideal-for","status":"publish","type":"page","link":"https:\/\/www.marbella.gr\/fr\/ideal-for\/","title":{"rendered":"Id\u00e9al pour"},"content":{"rendered":"<p><span data-contrast=\"auto\">Sur les rives ensoleill\u00e9es de la mer Ionienne, la vie dans les h\u00f4tels de la collection Mar-Bella est pleine d'amour, de rires et de luxe. Trouvez l'h\u00f4tel qui vous convient et d\u00e9couvrez la beaut\u00e9 naturelle, la culture et l'histoire de l'\u00eele de Corfou et de Parga en Gr\u00e8ce continentale. Id\u00e9al pour nos jeunes clients ou ceux qui sont jeunes de c\u0153ur, tout le monde peut profiter des exp\u00e9riences incroyables et quitter nos h\u00f4tels avec des souvenirs extraordinaires.<\/span><span data-ccp-props=\"{}\">\u00a0<\/span><\/p>","protected":false},"excerpt":{"rendered":"<p>Sitting on the sun-soaked shores of the Ionian Sea, life at the Mar-Bella Collection of hotels is full of love, laughter and luxury. Find the hotel that\u2019s right for you and discover the natural beauty, culture and history of Corfu Island and Parga in mainland Greece. Ideal for our younger guests or those young-at-heart, everyone [&#8230;]<\/p>\n<p><a class=\"btn btn-secondary understrap-read-more-link\" href=\"https:\/\/www.marbella.gr\/fr\/ideal-for\/\">Read More&#8230;<span class=\"screen-reader-text\"> from Ideal for<\/span><\/a><\/p>\n","protected":false},"author":16,"featured_media":9538,"parent":0,"menu_order":0,"comment_status":"closed","ping_status":"closed","template":"","meta":{"_acf_changed":false,"footnotes":""},"class_list":["post-9713","page","type-page","status-publish","has-post-thumbnail","hentry"],"acf":[],"yoast_head":"<!-- This site is optimized with the Yoast SEO plugin v27.4 - https:\/\/yoast.com\/product\/yoast-seo-wordpress\/ -->\n<title>Ideal for - Mar-Bella Collection<\/title>\n<meta name=\"description\" content=\"Discover luxury, culture, and breathtaking beauty at Mar-Bella Collection on the sun-soaked shores of the Ionian Sea. Explore Corfu &amp; Parga for unforgettable experiences.\" \/>\n<meta name=\"robots\" content=\"index, follow, max-snippet:-1, max-image-preview:large, max-video-preview:-1\" \/>\n<link rel=\"canonical\" href=\"https:\/\/www.marbella.gr\/fr\/ideal-for\/\" \/>\n<meta property=\"og:locale\" content=\"fr_FR\" \/>\n<meta property=\"og:type\" content=\"article\" \/>\n<meta property=\"og:title\" content=\"Ideal for - Mar-Bella Collection\" \/>\n<meta property=\"og:description\" content=\"Discover luxury, culture, and breathtaking beauty at Mar-Bella Collection on the sun-soaked shores of the Ionian Sea. Explore Corfu &amp; Parga for unforgettable experiences.\" \/>\n<meta property=\"og:url\" content=\"https:\/\/www.marbella.gr\/fr\/ideal-for\/\" \/>\n<meta property=\"og:site_name\" content=\"Mar-Bella Collection\" \/>\n<meta property=\"article:modified_time\" content=\"2025-03-18T09:52:04+00:00\" \/>\n<meta property=\"og:image\" content=\"https:\/\/www.marbella.gr\/app\/uploads\/2025\/02\/Avali_Beach-scaled.jpg\" \/>\n\t<meta property=\"og:image:width\" content=\"2560\" \/>\n\t<meta property=\"og:image:height\" content=\"1920\" \/>\n\t<meta property=\"og:image:type\" content=\"image\/jpeg\" \/>\n<meta name=\"twitter:card\" content=\"summary_large_image\" \/>\n<meta name=\"twitter:label1\" content=\"Dur\u00e9e de lecture estim\u00e9e\" \/>\n\t<meta name=\"twitter:data1\" content=\"1 minute\" \/>\n<!-- \/ Yoast SEO plugin. -->","yoast_head_json":{"title":"Id\u00e9al pour - Collection Mar-Bella","description":"D\u00e9couvrez le luxe, la culture et la beaut\u00e9 \u00e0 couper le souffle de la Mar-Bella Collection sur les rives ensoleill\u00e9es de la mer Ionienne. Explorez Corfou et Parga pour vivre des exp\u00e9riences inoubliables.","robots":{"index":"index","follow":"follow","max-snippet":"max-snippet:-1","max-image-preview":"max-image-preview:large","max-video-preview":"max-video-preview:-1"},"canonical":"https:\/\/www.marbella.gr\/fr\/ideal-for\/","og_locale":"fr_FR","og_type":"article","og_title":"Ideal for - Mar-Bella Collection","og_description":"Discover luxury, culture, and breathtaking beauty at Mar-Bella Collection on the sun-soaked shores of the Ionian Sea. Explore Corfu & Parga for unforgettable experiences.","og_url":"https:\/\/www.marbella.gr\/fr\/ideal-for\/","og_site_name":"Mar-Bella Collection","article_modified_time":"2025-03-18T09:52:04+00:00","og_image":[{"width":2560,"height":1920,"url":"https:\/\/www.marbella.gr\/app\/uploads\/2025\/02\/Avali_Beach-scaled.jpg","type":"image\/jpeg"}],"twitter_card":"summary_large_image","twitter_misc":{"Dur\u00e9e de lecture estim\u00e9e":"1 minute"},"schema":{"@context":"https:\/\/schema.org","@graph":[{"@type":"WebPage","@id":"https:\/\/www.marbella.gr\/ideal-for\/","url":"https:\/\/www.marbella.gr\/ideal-for\/","name":"Id\u00e9al pour - Collection Mar-Bella","isPartOf":{"@id":"https:\/\/www.marbella.gr\/#website"},"primaryImageOfPage":{"@id":"https:\/\/www.marbella.gr\/ideal-for\/#primaryimage"},"image":{"@id":"https:\/\/www.marbella.gr\/ideal-for\/#primaryimage"},"thumbnailUrl":"https:\/\/www.marbella.gr\/app\/uploads\/2025\/02\/Avali_Beach-scaled.jpg","datePublished":"2025-02-21T14:44:44+00:00","dateModified":"2025-03-18T09:52:04+00:00","description":"D\u00e9couvrez le luxe, la culture et la beaut\u00e9 \u00e0 couper le souffle de la Mar-Bella Collection sur les rives ensoleill\u00e9es de la mer Ionienne. Explorez Corfou et Parga pour vivre des exp\u00e9riences inoubliables.","breadcrumb":{"@id":"https:\/\/www.marbella.gr\/ideal-for\/#breadcrumb"},"inLanguage":"fr-FR","potentialAction":[{"@type":"ReadAction","target":["https:\/\/www.marbella.gr\/ideal-for\/"]}]},{"@type":"ImageObject","inLanguage":"fr-FR","@id":"https:\/\/www.marbella.gr\/ideal-for\/#primaryimage","url":"https:\/\/www.marbella.gr\/app\/uploads\/2025\/02\/Avali_Beach-scaled.jpg","contentUrl":"https:\/\/www.marbella.gr\/app\/uploads\/2025\/02\/Avali_Beach-scaled.jpg","width":2560,"height":1920},{"@type":"BreadcrumbList","@id":"https:\/\/www.marbella.gr\/ideal-for\/#breadcrumb","itemListElement":[{"@type":"ListItem","position":1,"name":"Home","item":"https:\/\/www.marbella.gr\/"},{"@type":"ListItem","position":2,"name":"Ideal for"}]},{"@type":"WebSite","@id":"https:\/\/www.marbella.gr\/#website","url":"https:\/\/www.marbella.gr\/","name":"MarBella","description":"Une famille d'h\u00f4tels vous reliant \u00e0 la magnifique mer Ionienne","publisher":{"@id":"https:\/\/www.marbella.gr\/#organization"},"alternateName":"MarBella","potentialAction":[{"@type":"SearchAction","target":{"@type":"EntryPoint","urlTemplate":"https:\/\/www.marbella.gr\/?s={search_term_string}"},"query-input":{"@type":"PropertyValueSpecification","valueRequired":true,"valueName":"search_term_string"}}],"inLanguage":"fr-FR"},{"@type":"Organization","@id":"https:\/\/www.marbella.gr\/#organization","name":"MarBella","url":"https:\/\/www.marbella.gr\/","logo":{"@type":"ImageObject","inLanguage":"fr-FR","@id":"https:\/\/www.marbella.gr\/#\/schema\/logo\/image\/","url":"https:\/\/www.marbella.gr\/app\/uploads\/2023\/06\/Marbella-collection.png","contentUrl":"https:\/\/www.marbella.gr\/app\/uploads\/2023\/06\/Marbella-collection.png","width":230,"height":75,"caption":"MarBella"},"image":{"@id":"https:\/\/www.marbella.gr\/#\/schema\/logo\/image\/"}}]}},"_links":{"self":[{"href":"https:\/\/www.marbella.gr\/fr\/wp-json\/wp\/v2\/pages\/9713","targetHints":{"allow":["GET"]}}],"collection":[{"href":"https:\/\/www.marbella.gr\/fr\/wp-json\/wp\/v2\/pages"}],"about":[{"href":"https:\/\/www.marbella.gr\/fr\/wp-json\/wp\/v2\/types\/page"}],"author":[{"embeddable":true,"href":"https:\/\/www.marbella.gr\/fr\/wp-json\/wp\/v2\/users\/16"}],"replies":[{"embeddable":true,"href":"https:\/\/www.marbella.gr\/fr\/wp-json\/wp\/v2\/comments?post=9713"}],"version-history":[{"count":29,"href":"https:\/\/www.marbella.gr\/fr\/wp-json\/wp\/v2\/pages\/9713\/revisions"}],"predecessor-version":[{"id":9907,"href":"https:\/\/www.marbella.gr\/fr\/wp-json\/wp\/v2\/pages\/9713\/revisions\/9907"}],"wp:featuredmedia":[{"embeddable":true,"href":"https:\/\/www.marbella.gr\/fr\/wp-json\/wp\/v2\/media\/9538"}],"wp:attachment":[{"href":"https:\/\/www.marbella.gr\/fr\/wp-json\/wp\/v2\/media?parent=9713"}],"curies":[{"name":"wp","href":"https:\/\/api.w.org\/{rel}","templated":true}]}}

Idéal pour

<p><span data-contrast="auto">Sur les rives ensoleillées de la mer Ionienne, la vie dans les hôtels de la collection Mar-Bella est pleine d'amour, de rires et de luxe. Trouvez l'hôtel qui vous convient et découvrez la beauté naturelle, la culture et l'histoire de l'île de Corfou et de Parga en Grèce continentale. Idéal pour nos jeunes clients ou ceux qui sont jeunes de cœur, tout le monde peut profiter des expériences incroyables et quitter nos hôtels avec des souvenirs extraordinaires.</span><span data-ccp-props="{}"> </span></p>

<!-- This site is optimized with the Yoast SEO plugin v27.4 - https://yoast.com/product/yoast-seo-wordpress/ -->
<title>Ideal for - Mar-Bella Collection</title>
<meta name="description" content="Discover luxury, culture, and breathtaking beauty at Mar-Bella Collection on the sun-soaked shores of the Ionian Sea. Explore Corfu &amp; Parga for unforgettable experiences." />
<meta name="robots" content="index, follow, max-snippet:-1, max-image-preview:large, max-video-preview:-1" />
<link rel="canonical" href="https://www.marbella.gr/fr/ideal-for/" />
<meta property="og:locale" content="fr_FR" />
<meta property="og:type" content="article" />
<meta property="og:title" content="Ideal for - Mar-Bella Collection" />
<meta property="og:description" content="Discover luxury, culture, and breathtaking beauty at Mar-Bella Collection on the sun-soaked shores of the Ionian Sea. Explore Corfu &amp; Parga for unforgettable experiences." />
<meta property="og:url" content="https://www.marbella.gr/fr/ideal-for/" />
<meta property="og:site_name" content="Mar-Bella Collection" />
<meta property="article:modified_time" content="2025-03-18T09:52:04+00:00" />
<meta property="og:image" content="https://www.marbella.gr/app/uploads/2025/02/Avali_Beach-scaled.jpg" />
	<meta property="og:image:width" content="2560" />
	<meta property="og:image:height" content="1920" />
	<meta property="og:image:type" content="image/jpeg" />
<meta name="twitter:card" content="summary_large_image" />
<meta name="twitter:label1" content="Durée de lecture estimée" />
	<meta name="twitter:data1" content="1 minute" />
<!-- / Yoast SEO plugin. -->

Idéal pour - Collection Mar-Bella

Découvrez le luxe, la culture et la beauté à couper le souffle de la Mar-Bella Collection sur les rives ensoleillées de la mer Ionienne. Explorez Corfou et Parga pour vivre des expériences inoubliables.

Une famille d'hôtels vous reliant à la magnifique mer Ionienne
