{"id":6023,"date":"2023-09-05T07:30:25","date_gmt":"2023-09-05T07:30:25","guid":{"rendered":"https:\/\/www.marbella.gr\/accommodation\/superior-family-room-sea-view-copy\/"},"modified":"2025-09-26T11:37:43","modified_gmt":"2025-09-26T08:37:43","slug":"superior-family-room-private-garden-sea-view","status":"publish","type":"room","link":"https:\/\/www.marbella.gr\/fr\/accommodation\/superior-family-room-private-garden-sea-view\/","title":{"rendered":"Superior Family Room Private Garden"},"content":{"rendered":"<div>\r\n<p>Spacieuse, magnifiquement am\u00e9nag\u00e9e et offrant une vue imprenable sur la mer Ionienne, cette \u00e9l\u00e9gante chambre sup\u00e9rieure dispose d'une chambre \u00e0 coucher avec un lit double, donnant sur un salon spacieux s\u00e9par\u00e9 avec deux canap\u00e9s-lits simples, et une salle de bains ouverte avec baignoire. Terrasse et jardin priv\u00e9s enti\u00e8rement meubl\u00e9s offrant des vues spectaculaires sur la mer.\u00a0<\/p>\r\n<\/div>\r\n<p>Enti\u00e8rement r\u00e9nov\u00e9 pour s2024<\/p>\r\n<p><em>*Les plans des pi\u00e8ces et les images ne sont fournis qu'\u00e0 titre d'illustration. La disposition des pi\u00e8ces peut varier en fonction des contraintes du b\u00e2timent.<\/em><\/p>","protected":false},"author":18,"featured_media":7726,"template":"","room_category":[33],"room_feature":[37,36,24,26,28,29,38,52,27,35],"any_hotel":[18],"class_list":["post-6023","room","type-room","status-publish","has-post-thumbnail","hentry","room_category-family-rooms"],"acf":[],"yoast_head":"<!-- This site is optimized with the Yoast SEO plugin v27.4 - https:\/\/yoast.com\/product\/yoast-seo-wordpress\/ -->\n<title>Superior Family Room Private Garden With Sea View | MarBella<\/title>\n<meta name=\"description\" content=\"Experience serenity in our superior room, elegantly designed with a spacious bedroom &amp; sitting area, complemented by a lush private terrace and garden view.\" \/>\n<meta name=\"robots\" content=\"index, follow, max-snippet:-1, max-image-preview:large, max-video-preview:-1\" \/>\n<link rel=\"canonical\" href=\"https:\/\/www.marbella.gr\/fr\/accommodation\/superior-family-room-private-garden-sea-view\/\" \/>\n<meta property=\"og:locale\" content=\"fr_FR\" \/>\n<meta property=\"og:type\" content=\"article\" \/>\n<meta property=\"og:title\" content=\"Superior Family Room Private Garden With Sea View | MarBella\" \/>\n<meta property=\"og:description\" content=\"Experience serenity in our superior room, elegantly designed with a spacious bedroom &amp; sitting area, complemented by a lush private terrace and garden view.\" \/>\n<meta property=\"og:url\" content=\"https:\/\/www.marbella.gr\/fr\/accommodation\/superior-family-room-private-garden-sea-view\/\" \/>\n<meta property=\"og:site_name\" content=\"Mar-Bella Collection\" \/>\n<meta property=\"article:modified_time\" content=\"2025-09-26T08:37:43+00:00\" \/>\n<meta property=\"og:image\" content=\"https:\/\/www.marbella.gr\/app\/uploads\/2023\/09\/MarBella_Superior-Family-Room-Private-Garden-Sea-View-1-1-scaled.jpg\" \/>\n\t<meta property=\"og:image:width\" content=\"2560\" \/>\n\t<meta property=\"og:image:height\" content=\"1917\" \/>\n\t<meta property=\"og:image:type\" content=\"image\/jpeg\" \/>\n<meta name=\"twitter:card\" content=\"summary_large_image\" \/>\n<meta name=\"twitter:label1\" content=\"Dur\u00e9e de lecture estim\u00e9e\" \/>\n\t<meta name=\"twitter:data1\" content=\"1 minute\" \/>\n<!-- \/ Yoast SEO plugin. -->","yoast_head_json":{"title":"Chambre Familiale Sup\u00e9rieure Jardin Priv\u00e9 Avec Vue sur la Mer | MarBella","description":"Faites l'exp\u00e9rience de la s\u00e9r\u00e9nit\u00e9 dans notre chambre sup\u00e9rieure, \u00e9l\u00e9gamment con\u00e7ue avec une chambre et un coin salon spacieux, compl\u00e9t\u00e9s par une terrasse priv\u00e9e luxuriante et une vue sur le jardin.","robots":{"index":"index","follow":"follow","max-snippet":"max-snippet:-1","max-image-preview":"max-image-preview:large","max-video-preview":"max-video-preview:-1"},"canonical":"https:\/\/www.marbella.gr\/fr\/accommodation\/superior-family-room-private-garden-sea-view\/","og_locale":"fr_FR","og_type":"article","og_title":"Superior Family Room Private Garden With Sea View | MarBella","og_description":"Experience serenity in our superior room, elegantly designed with a spacious bedroom & sitting area, complemented by a lush private terrace and garden view.","og_url":"https:\/\/www.marbella.gr\/fr\/accommodation\/superior-family-room-private-garden-sea-view\/","og_site_name":"Mar-Bella Collection","article_modified_time":"2025-09-26T08:37:43+00:00","og_image":[{"width":2560,"height":1917,"url":"https:\/\/www.marbella.gr\/app\/uploads\/2023\/09\/MarBella_Superior-Family-Room-Private-Garden-Sea-View-1-1-scaled.jpg","type":"image\/jpeg"}],"twitter_card":"summary_large_image","twitter_misc":{"Dur\u00e9e de lecture estim\u00e9e":"1 minute"},"schema":{"@context":"https:\/\/schema.org","@graph":[{"@type":"WebPage","@id":"https:\/\/www.marbella.gr\/accommodation\/superior-family-room-private-garden-sea-view\/","url":"https:\/\/www.marbella.gr\/accommodation\/superior-family-room-private-garden-sea-view\/","name":"Chambre Familiale Sup\u00e9rieure Jardin Priv\u00e9 Avec Vue sur la Mer | MarBella","isPartOf":{"@id":"https:\/\/www.marbella.gr\/#website"},"primaryImageOfPage":{"@id":"https:\/\/www.marbella.gr\/accommodation\/superior-family-room-private-garden-sea-view\/#primaryimage"},"image":{"@id":"https:\/\/www.marbella.gr\/accommodation\/superior-family-room-private-garden-sea-view\/#primaryimage"},"thumbnailUrl":"https:\/\/www.marbella.gr\/app\/uploads\/2023\/09\/MarBella_Superior-Family-Room-Private-Garden-Sea-View-1-1-scaled.jpg","datePublished":"2023-09-05T07:30:25+00:00","dateModified":"2025-09-26T08:37:43+00:00","description":"Faites l'exp\u00e9rience de la s\u00e9r\u00e9nit\u00e9 dans notre chambre sup\u00e9rieure, \u00e9l\u00e9gamment con\u00e7ue avec une chambre et un coin salon spacieux, compl\u00e9t\u00e9s par une terrasse priv\u00e9e luxuriante et une vue sur le jardin.","breadcrumb":{"@id":"https:\/\/www.marbella.gr\/accommodation\/superior-family-room-private-garden-sea-view\/#breadcrumb"},"inLanguage":"fr-FR","potentialAction":[{"@type":"ReadAction","target":["https:\/\/www.marbella.gr\/accommodation\/superior-family-room-private-garden-sea-view\/"]}]},{"@type":"ImageObject","inLanguage":"fr-FR","@id":"https:\/\/www.marbella.gr\/accommodation\/superior-family-room-private-garden-sea-view\/#primaryimage","url":"https:\/\/www.marbella.gr\/app\/uploads\/2023\/09\/MarBella_Superior-Family-Room-Private-Garden-Sea-View-1-1-scaled.jpg","contentUrl":"https:\/\/www.marbella.gr\/app\/uploads\/2023\/09\/MarBella_Superior-Family-Room-Private-Garden-Sea-View-1-1-scaled.jpg","width":2560,"height":1917,"caption":"Discover Mar-Bella Collection - 5 star hotels in Corfu, Parga Greece"},{"@type":"BreadcrumbList","@id":"https:\/\/www.marbella.gr\/accommodation\/superior-family-room-private-garden-sea-view\/#breadcrumb","itemListElement":[{"@type":"ListItem","position":1,"name":"Home","item":"https:\/\/www.marbella.gr\/"},{"@type":"ListItem","position":2,"name":"Superior Family Room Private Garden"}]},{"@type":"WebSite","@id":"https:\/\/www.marbella.gr\/#website","url":"https:\/\/www.marbella.gr\/","name":"MarBella","description":"Une famille d'h\u00f4tels vous reliant \u00e0 la magnifique mer Ionienne","publisher":{"@id":"https:\/\/www.marbella.gr\/#organization"},"alternateName":"MarBella","potentialAction":[{"@type":"SearchAction","target":{"@type":"EntryPoint","urlTemplate":"https:\/\/www.marbella.gr\/?s={search_term_string}"},"query-input":{"@type":"PropertyValueSpecification","valueRequired":true,"valueName":"search_term_string"}}],"inLanguage":"fr-FR"},{"@type":"Organization","@id":"https:\/\/www.marbella.gr\/#organization","name":"MarBella","url":"https:\/\/www.marbella.gr\/","logo":{"@type":"ImageObject","inLanguage":"fr-FR","@id":"https:\/\/www.marbella.gr\/#\/schema\/logo\/image\/","url":"https:\/\/www.marbella.gr\/app\/uploads\/2023\/06\/Marbella-collection.png","contentUrl":"https:\/\/www.marbella.gr\/app\/uploads\/2023\/06\/Marbella-collection.png","width":230,"height":75,"caption":"MarBella"},"image":{"@id":"https:\/\/www.marbella.gr\/#\/schema\/logo\/image\/"}}]}},"_links":{"self":[{"href":"https:\/\/www.marbella.gr\/fr\/wp-json\/wp\/v2\/room\/6023","targetHints":{"allow":["GET"]}}],"collection":[{"href":"https:\/\/www.marbella.gr\/fr\/wp-json\/wp\/v2\/room"}],"about":[{"href":"https:\/\/www.marbella.gr\/fr\/wp-json\/wp\/v2\/types\/room"}],"author":[{"embeddable":true,"href":"https:\/\/www.marbella.gr\/fr\/wp-json\/wp\/v2\/users\/18"}],"version-history":[{"count":15,"href":"https:\/\/www.marbella.gr\/fr\/wp-json\/wp\/v2\/room\/6023\/revisions"}],"predecessor-version":[{"id":11050,"href":"https:\/\/www.marbella.gr\/fr\/wp-json\/wp\/v2\/room\/6023\/revisions\/11050"}],"wp:featuredmedia":[{"embeddable":true,"href":"https:\/\/www.marbella.gr\/fr\/wp-json\/wp\/v2\/media\/7726"}],"wp:attachment":[{"href":"https:\/\/www.marbella.gr\/fr\/wp-json\/wp\/v2\/media?parent=6023"}],"wp:term":[{"taxonomy":"room_category","embeddable":true,"href":"https:\/\/www.marbella.gr\/fr\/wp-json\/wp\/v2\/room_category?post=6023"},{"taxonomy":"room_feature","embeddable":true,"href":"https:\/\/www.marbella.gr\/fr\/wp-json\/wp\/v2\/room_feature?post=6023"},{"taxonomy":"any_hotel","embeddable":true,"href":"https:\/\/www.marbella.gr\/fr\/wp-json\/wp\/v2\/any_hotel?post=6023"}],"curies":[{"name":"wp","href":"https:\/\/api.w.org\/{rel}","templated":true}]}}

<div>
<p>Spacieuse, magnifiquement aménagée et offrant une vue imprenable sur la mer Ionienne, cette élégante chambre supérieure dispose d'une chambre à coucher avec un lit double, donnant sur un salon spacieux séparé avec deux canapés-lits simples, et une salle de bains ouverte avec baignoire. Terrasse et jardin privés entièrement meublés offrant des vues spectaculaires sur la mer. </p>
</div>
<p>Entièrement rénové pour s2024</p>
<p><em>*Les plans des pièces et les images ne sont fournis qu'à titre d'illustration. La disposition des pièces peut varier en fonction des contraintes du bâtiment.</em></p>

<!-- This site is optimized with the Yoast SEO plugin v27.4 - https://yoast.com/product/yoast-seo-wordpress/ -->
<title>Superior Family Room Private Garden With Sea View | MarBella</title>
<meta name="description" content="Experience serenity in our superior room, elegantly designed with a spacious bedroom &amp; sitting area, complemented by a lush private terrace and garden view." />
<meta name="robots" content="index, follow, max-snippet:-1, max-image-preview:large, max-video-preview:-1" />
<link rel="canonical" href="https://www.marbella.gr/fr/accommodation/superior-family-room-private-garden-sea-view/" />
<meta property="og:locale" content="fr_FR" />
<meta property="og:type" content="article" />
<meta property="og:title" content="Superior Family Room Private Garden With Sea View | MarBella" />
<meta property="og:description" content="Experience serenity in our superior room, elegantly designed with a spacious bedroom &amp; sitting area, complemented by a lush private terrace and garden view." />
<meta property="og:url" content="https://www.marbella.gr/fr/accommodation/superior-family-room-private-garden-sea-view/" />
<meta property="og:site_name" content="Mar-Bella Collection" />
<meta property="article:modified_time" content="2025-09-26T08:37:43+00:00" />
<meta property="og:image" content="https://www.marbella.gr/app/uploads/2023/09/MarBella_Superior-Family-Room-Private-Garden-Sea-View-1-1-scaled.jpg" />
	<meta property="og:image:width" content="2560" />
	<meta property="og:image:height" content="1917" />
	<meta property="og:image:type" content="image/jpeg" />
<meta name="twitter:card" content="summary_large_image" />
<meta name="twitter:label1" content="Durée de lecture estimée" />
	<meta name="twitter:data1" content="1 minute" />
<!-- / Yoast SEO plugin. -->

Chambre Familiale Supérieure Jardin Privé Avec Vue sur la Mer | MarBella

Faites l'expérience de la sérénité dans notre chambre supérieure, élégamment conçue avec une chambre et un coin salon spacieux, complétés par une terrasse privée luxuriante et une vue sur le jardin.

Une famille d'hôtels vous reliant à la magnifique mer Ionienne
