{"id":8208,"date":"2024-10-02T12:58:46","date_gmt":"2024-10-02T12:58:46","guid":{"rendered":"https:\/\/www.marbella.gr\/accommodation\/superior-family-room-private-garden-garden-view-copy-2\/"},"modified":"2025-09-25T15:55:30","modified_gmt":"2025-09-25T12:55:30","slug":"standard-double-room-grand-balcony-mountain-view","status":"publish","type":"room","link":"https:\/\/www.marbella.gr\/fr\/accommodation\/standard-double-room-grand-balcony-mountain-view\/","title":{"rendered":"Standard Double Room Grand Balcony"},"content":{"rendered":"<p>Pouvant accueillir confortablement deux adultes avec un lit queen-size ou des lits jumeaux, cette chambre \u00e9l\u00e9gante dispose d'un miroir pour le corps, d'un miroir de maquillage r\u00e9tro-\u00e9clair\u00e9 et d'une salle de bains joliment am\u00e9nag\u00e9e avec une douche \u00e0 effet de pluie rajeunissante. Le balcon spacieux, qui offre des vues sur la campagne, est meubl\u00e9 de deux chaises longues et d'une table, ce qui en fait l'espace id\u00e9al pour se d\u00e9tendre.<\/p>","protected":false},"author":13,"featured_media":8774,"template":"","room_category":[115],"room_feature":[127,103,105,107,28,29,133,38,52,101,104,102,106],"any_hotel":[96],"class_list":["post-8208","room","type-room","status-publish","has-post-thumbnail","hentry","room_category-rooms"],"acf":[],"yoast_head":"<!-- This site is optimized with the Yoast SEO plugin v27.4 - https:\/\/yoast.com\/product\/yoast-seo-wordpress\/ -->\n<title>Standard Double Room Grand Balcony | Avali, Mar-Bella Collection<\/title>\n<meta name=\"description\" content=\"This stylish room features a full body mirror, backlit makeup mirror and beautifully appointed bathroom with a rejuvenating rainshower.\" \/>\n<meta name=\"robots\" content=\"index, follow, max-snippet:-1, max-image-preview:large, max-video-preview:-1\" \/>\n<link rel=\"canonical\" href=\"https:\/\/www.marbella.gr\/fr\/accommodation\/standard-double-room-grand-balcony-mountain-view\/\" \/>\n<meta property=\"og:locale\" content=\"fr_FR\" \/>\n<meta property=\"og:type\" content=\"article\" \/>\n<meta property=\"og:title\" content=\"Standard Double Room Grand Balcony | Avali, Mar-Bella Collection\" \/>\n<meta property=\"og:description\" content=\"This stylish room features a full body mirror, backlit makeup mirror and beautifully appointed bathroom with a rejuvenating rainshower.\" \/>\n<meta property=\"og:url\" content=\"https:\/\/www.marbella.gr\/fr\/accommodation\/standard-double-room-grand-balcony-mountain-view\/\" \/>\n<meta property=\"og:site_name\" content=\"Mar-Bella Collection\" \/>\n<meta property=\"article:modified_time\" content=\"2025-09-25T12:55:30+00:00\" \/>\n<meta property=\"og:image\" content=\"https:\/\/www.marbella.gr\/app\/uploads\/2024\/11\/Avali_Double-Room-Grand-Balcony-Mountain-View-1-scaled.jpg\" \/>\n\t<meta property=\"og:image:width\" content=\"2560\" \/>\n\t<meta property=\"og:image:height\" content=\"1920\" \/>\n\t<meta property=\"og:image:type\" content=\"image\/jpeg\" \/>\n<meta name=\"twitter:card\" content=\"summary_large_image\" \/>\n<meta name=\"twitter:label1\" content=\"Dur\u00e9e de lecture estim\u00e9e\" \/>\n\t<meta name=\"twitter:data1\" content=\"1 minute\" \/>\n<!-- \/ Yoast SEO plugin. -->","yoast_head_json":{"title":"Chambre double standard avec grand balcon | Avali, Mar-Bella Collection","description":"Cette chambre \u00e9l\u00e9gante dispose d'un miroir pour le corps, d'un miroir de maquillage r\u00e9tro-\u00e9clair\u00e9 et d'une salle de bains joliment am\u00e9nag\u00e9e avec une douche \u00e0 effet de pluie rajeunissante.","robots":{"index":"index","follow":"follow","max-snippet":"max-snippet:-1","max-image-preview":"max-image-preview:large","max-video-preview":"max-video-preview:-1"},"canonical":"https:\/\/www.marbella.gr\/fr\/accommodation\/standard-double-room-grand-balcony-mountain-view\/","og_locale":"fr_FR","og_type":"article","og_title":"Standard Double Room Grand Balcony | Avali, Mar-Bella Collection","og_description":"This stylish room features a full body mirror, backlit makeup mirror and beautifully appointed bathroom with a rejuvenating rainshower.","og_url":"https:\/\/www.marbella.gr\/fr\/accommodation\/standard-double-room-grand-balcony-mountain-view\/","og_site_name":"Mar-Bella Collection","article_modified_time":"2025-09-25T12:55:30+00:00","og_image":[{"width":2560,"height":1920,"url":"https:\/\/www.marbella.gr\/app\/uploads\/2024\/11\/Avali_Double-Room-Grand-Balcony-Mountain-View-1-scaled.jpg","type":"image\/jpeg"}],"twitter_card":"summary_large_image","twitter_misc":{"Dur\u00e9e de lecture estim\u00e9e":"1 minute"},"schema":{"@context":"https:\/\/schema.org","@graph":[{"@type":"WebPage","@id":"https:\/\/www.marbella.gr\/accommodation\/standard-double-room-grand-balcony-mountain-view\/","url":"https:\/\/www.marbella.gr\/accommodation\/standard-double-room-grand-balcony-mountain-view\/","name":"Chambre double standard avec grand balcon | Avali, Mar-Bella Collection","isPartOf":{"@id":"https:\/\/www.marbella.gr\/#website"},"primaryImageOfPage":{"@id":"https:\/\/www.marbella.gr\/accommodation\/standard-double-room-grand-balcony-mountain-view\/#primaryimage"},"image":{"@id":"https:\/\/www.marbella.gr\/accommodation\/standard-double-room-grand-balcony-mountain-view\/#primaryimage"},"thumbnailUrl":"https:\/\/www.marbella.gr\/app\/uploads\/2024\/11\/Avali_Double-Room-Grand-Balcony-Mountain-View-1-scaled.jpg","datePublished":"2024-10-02T12:58:46+00:00","dateModified":"2025-09-25T12:55:30+00:00","description":"Cette chambre \u00e9l\u00e9gante dispose d'un miroir pour le corps, d'un miroir de maquillage r\u00e9tro-\u00e9clair\u00e9 et d'une salle de bains joliment am\u00e9nag\u00e9e avec une douche \u00e0 effet de pluie rajeunissante.","breadcrumb":{"@id":"https:\/\/www.marbella.gr\/accommodation\/standard-double-room-grand-balcony-mountain-view\/#breadcrumb"},"inLanguage":"fr-FR","potentialAction":[{"@type":"ReadAction","target":["https:\/\/www.marbella.gr\/accommodation\/standard-double-room-grand-balcony-mountain-view\/"]}]},{"@type":"ImageObject","inLanguage":"fr-FR","@id":"https:\/\/www.marbella.gr\/accommodation\/standard-double-room-grand-balcony-mountain-view\/#primaryimage","url":"https:\/\/www.marbella.gr\/app\/uploads\/2024\/11\/Avali_Double-Room-Grand-Balcony-Mountain-View-1-scaled.jpg","contentUrl":"https:\/\/www.marbella.gr\/app\/uploads\/2024\/11\/Avali_Double-Room-Grand-Balcony-Mountain-View-1-scaled.jpg","width":2560,"height":1920,"caption":"Discover Mar-Bella Collection - 5 star hotels in Corfu, Parga Greece"},{"@type":"BreadcrumbList","@id":"https:\/\/www.marbella.gr\/accommodation\/standard-double-room-grand-balcony-mountain-view\/#breadcrumb","itemListElement":[{"@type":"ListItem","position":1,"name":"Home","item":"https:\/\/www.marbella.gr\/"},{"@type":"ListItem","position":2,"name":"Standard Double Room Grand Balcony"}]},{"@type":"WebSite","@id":"https:\/\/www.marbella.gr\/#website","url":"https:\/\/www.marbella.gr\/","name":"MarBella","description":"Une famille d'h\u00f4tels vous reliant \u00e0 la magnifique mer Ionienne","publisher":{"@id":"https:\/\/www.marbella.gr\/#organization"},"alternateName":"MarBella","potentialAction":[{"@type":"SearchAction","target":{"@type":"EntryPoint","urlTemplate":"https:\/\/www.marbella.gr\/?s={search_term_string}"},"query-input":{"@type":"PropertyValueSpecification","valueRequired":true,"valueName":"search_term_string"}}],"inLanguage":"fr-FR"},{"@type":"Organization","@id":"https:\/\/www.marbella.gr\/#organization","name":"MarBella","url":"https:\/\/www.marbella.gr\/","logo":{"@type":"ImageObject","inLanguage":"fr-FR","@id":"https:\/\/www.marbella.gr\/#\/schema\/logo\/image\/","url":"https:\/\/www.marbella.gr\/app\/uploads\/2023\/06\/Marbella-collection.png","contentUrl":"https:\/\/www.marbella.gr\/app\/uploads\/2023\/06\/Marbella-collection.png","width":230,"height":75,"caption":"MarBella"},"image":{"@id":"https:\/\/www.marbella.gr\/#\/schema\/logo\/image\/"}}]}},"_links":{"self":[{"href":"https:\/\/www.marbella.gr\/fr\/wp-json\/wp\/v2\/room\/8208","targetHints":{"allow":["GET"]}}],"collection":[{"href":"https:\/\/www.marbella.gr\/fr\/wp-json\/wp\/v2\/room"}],"about":[{"href":"https:\/\/www.marbella.gr\/fr\/wp-json\/wp\/v2\/types\/room"}],"author":[{"embeddable":true,"href":"https:\/\/www.marbella.gr\/fr\/wp-json\/wp\/v2\/users\/13"}],"version-history":[{"count":19,"href":"https:\/\/www.marbella.gr\/fr\/wp-json\/wp\/v2\/room\/8208\/revisions"}],"predecessor-version":[{"id":11020,"href":"https:\/\/www.marbella.gr\/fr\/wp-json\/wp\/v2\/room\/8208\/revisions\/11020"}],"wp:featuredmedia":[{"embeddable":true,"href":"https:\/\/www.marbella.gr\/fr\/wp-json\/wp\/v2\/media\/8774"}],"wp:attachment":[{"href":"https:\/\/www.marbella.gr\/fr\/wp-json\/wp\/v2\/media?parent=8208"}],"wp:term":[{"taxonomy":"room_category","embeddable":true,"href":"https:\/\/www.marbella.gr\/fr\/wp-json\/wp\/v2\/room_category?post=8208"},{"taxonomy":"room_feature","embeddable":true,"href":"https:\/\/www.marbella.gr\/fr\/wp-json\/wp\/v2\/room_feature?post=8208"},{"taxonomy":"any_hotel","embeddable":true,"href":"https:\/\/www.marbella.gr\/fr\/wp-json\/wp\/v2\/any_hotel?post=8208"}],"curies":[{"name":"wp","href":"https:\/\/api.w.org\/{rel}","templated":true}]}}

<p>Pouvant accueillir confortablement deux adultes avec un lit queen-size ou des lits jumeaux, cette chambre élégante dispose d'un miroir pour le corps, d'un miroir de maquillage rétro-éclairé et d'une salle de bains joliment aménagée avec une douche à effet de pluie rajeunissante. Le balcon spacieux, qui offre des vues sur la campagne, est meublé de deux chaises longues et d'une table, ce qui en fait l'espace idéal pour se détendre.</p>

<!-- This site is optimized with the Yoast SEO plugin v27.4 - https://yoast.com/product/yoast-seo-wordpress/ -->
<title>Standard Double Room Grand Balcony | Avali, Mar-Bella Collection</title>
<meta name="description" content="This stylish room features a full body mirror, backlit makeup mirror and beautifully appointed bathroom with a rejuvenating rainshower." />
<meta name="robots" content="index, follow, max-snippet:-1, max-image-preview:large, max-video-preview:-1" />
<link rel="canonical" href="https://www.marbella.gr/fr/accommodation/standard-double-room-grand-balcony-mountain-view/" />
<meta property="og:locale" content="fr_FR" />
<meta property="og:type" content="article" />
<meta property="og:title" content="Standard Double Room Grand Balcony | Avali, Mar-Bella Collection" />
<meta property="og:description" content="This stylish room features a full body mirror, backlit makeup mirror and beautifully appointed bathroom with a rejuvenating rainshower." />
<meta property="og:url" content="https://www.marbella.gr/fr/accommodation/standard-double-room-grand-balcony-mountain-view/" />
<meta property="og:site_name" content="Mar-Bella Collection" />
<meta property="article:modified_time" content="2025-09-25T12:55:30+00:00" />
<meta property="og:image" content="https://www.marbella.gr/app/uploads/2024/11/Avali_Double-Room-Grand-Balcony-Mountain-View-1-scaled.jpg" />
	<meta property="og:image:width" content="2560" />
	<meta property="og:image:height" content="1920" />
	<meta property="og:image:type" content="image/jpeg" />
<meta name="twitter:card" content="summary_large_image" />
<meta name="twitter:label1" content="Durée de lecture estimée" />
	<meta name="twitter:data1" content="1 minute" />
<!-- / Yoast SEO plugin. -->

Cette chambre élégante dispose d'un miroir pour le corps, d'un miroir de maquillage rétro-éclairé et d'une salle de bains joliment aménagée avec une douche à effet de pluie rajeunissante.

Une famille d'hôtels vous reliant à la magnifique mer Ionienne
