{"id":8338,"date":"2024-10-28T22:08:04","date_gmt":"2024-10-28T22:08:04","guid":{"rendered":"https:\/\/www.marbella.gr\/accommodation\/panorama-junior-suite-private-pool-copy\/"},"modified":"2025-09-26T11:02:28","modified_gmt":"2025-09-26T08:02:28","slug":"penthouse-junior-suite-front-sea-view","status":"publish","type":"room","link":"https:\/\/www.marbella.gr\/fr\/accommodation\/penthouse-junior-suite-front-sea-view\/","title":{"rendered":"Rooftop Junior Suite"},"content":{"rendered":"<p>Un grand balcon couvert avec des fauteuils de salon et des chaises suspendues est le joyau de la couronne de cette suite fabuleusement spacieuse qui offre des vues incroyables sur la baie et la mer Ionienne. La suite peut accueillir confortablement jusqu'\u00e0 trois personnes gr\u00e2ce \u00e0 un lit king-size et un canap\u00e9-lit s\u00e9par\u00e9. Elle est \u00e9quip\u00e9e d'un miroir pour le corps et d'un miroir de maquillage r\u00e9tro-\u00e9clair\u00e9, ainsi que d'une salle de bains luxueuse avec une douche \u00e0 effet de pluie rafra\u00eechissante.<\/p>","protected":false},"author":16,"featured_media":0,"template":"","room_category":[116],"room_feature":[103,105,109,122,107,28,29,112,113,133,38,52,101,27,123,104,102,106],"any_hotel":[96],"class_list":["post-8338","room","type-room","status-publish","hentry","room_category-suites-3"],"acf":[],"yoast_head":"<!-- This site is optimized with the Yoast SEO plugin v27.4 - https:\/\/yoast.com\/product\/yoast-seo-wordpress\/ -->\n<title>Front Sea View Rooftop Junior Suite | Avali, Mar-Bella Collection<\/title>\n<meta name=\"description\" content=\"Stay in the Rooftop Junior Suite with a covered balcony, sea views, king-size bed, sofa bed, and luxurious bathroom with rain shower. Sleeps up to 3 guests.\" \/>\n<meta name=\"robots\" content=\"index, follow, max-snippet:-1, max-image-preview:large, max-video-preview:-1\" \/>\n<link rel=\"canonical\" href=\"https:\/\/www.marbella.gr\/fr\/accommodation\/penthouse-junior-suite-front-sea-view\/\" \/>\n<meta property=\"og:locale\" content=\"fr_FR\" \/>\n<meta property=\"og:type\" content=\"article\" \/>\n<meta property=\"og:title\" content=\"Front Sea View Rooftop Junior Suite | Avali, Mar-Bella Collection\" \/>\n<meta property=\"og:description\" content=\"Stay in the Rooftop Junior Suite with a covered balcony, sea views, king-size bed, sofa bed, and luxurious bathroom with rain shower. Sleeps up to 3 guests.\" \/>\n<meta property=\"og:url\" content=\"https:\/\/www.marbella.gr\/fr\/accommodation\/penthouse-junior-suite-front-sea-view\/\" \/>\n<meta property=\"og:site_name\" content=\"Mar-Bella Collection\" \/>\n<meta property=\"article:modified_time\" content=\"2025-09-26T08:02:28+00:00\" \/>\n<meta property=\"og:image\" content=\"https:\/\/www.marbella.gr\/app\/uploads\/2024\/12\/Avali_Rooftop-Junior-Suite-Panorama-Sea-View-1--1024x768.jpg\" \/>\n\t<meta property=\"og:image:width\" content=\"1024\" \/>\n\t<meta property=\"og:image:height\" content=\"768\" \/>\n\t<meta property=\"og:image:type\" content=\"image\/jpeg\" \/>\n<meta name=\"twitter:card\" content=\"summary_large_image\" \/>\n<meta name=\"twitter:label1\" content=\"Dur\u00e9e de lecture estim\u00e9e\" \/>\n\t<meta name=\"twitter:data1\" content=\"1 minute\" \/>\n<!-- \/ Yoast SEO plugin. -->","yoast_head_json":{"title":"Suite junior sur le toit avec vue sur la mer | Avali, Mar-Bella Collection","description":"S\u00e9journez dans la suite junior sur le toit avec un balcon couvert, des vues sur la mer, un lit king-size, un canap\u00e9-lit et une salle de bains luxueuse avec douche \u00e0 effet de pluie. Peut accueillir jusqu'\u00e0 3 personnes.","robots":{"index":"index","follow":"follow","max-snippet":"max-snippet:-1","max-image-preview":"max-image-preview:large","max-video-preview":"max-video-preview:-1"},"canonical":"https:\/\/www.marbella.gr\/fr\/accommodation\/penthouse-junior-suite-front-sea-view\/","og_locale":"fr_FR","og_type":"article","og_title":"Front Sea View Rooftop Junior Suite | Avali, Mar-Bella Collection","og_description":"Stay in the Rooftop Junior Suite with a covered balcony, sea views, king-size bed, sofa bed, and luxurious bathroom with rain shower. Sleeps up to 3 guests.","og_url":"https:\/\/www.marbella.gr\/fr\/accommodation\/penthouse-junior-suite-front-sea-view\/","og_site_name":"Mar-Bella Collection","article_modified_time":"2025-09-26T08:02:28+00:00","og_image":[{"width":1024,"height":768,"url":"https:\/\/www.marbella.gr\/app\/uploads\/2024\/12\/Avali_Rooftop-Junior-Suite-Panorama-Sea-View-1--1024x768.jpg","type":"image\/jpeg"}],"twitter_card":"summary_large_image","twitter_misc":{"Dur\u00e9e de lecture estim\u00e9e":"1 minute"},"schema":{"@context":"https:\/\/schema.org","@graph":[{"@type":"WebPage","@id":"https:\/\/www.marbella.gr\/accommodation\/penthouse-junior-suite-front-sea-view\/","url":"https:\/\/www.marbella.gr\/accommodation\/penthouse-junior-suite-front-sea-view\/","name":"Suite junior sur le toit avec vue sur la mer | Avali, Mar-Bella Collection","isPartOf":{"@id":"https:\/\/www.marbella.gr\/#website"},"datePublished":"2024-10-28T22:08:04+00:00","dateModified":"2025-09-26T08:02:28+00:00","description":"S\u00e9journez dans la suite junior sur le toit avec un balcon couvert, des vues sur la mer, un lit king-size, un canap\u00e9-lit et une salle de bains luxueuse avec douche \u00e0 effet de pluie. Peut accueillir jusqu'\u00e0 3 personnes.","breadcrumb":{"@id":"https:\/\/www.marbella.gr\/accommodation\/penthouse-junior-suite-front-sea-view\/#breadcrumb"},"inLanguage":"fr-FR","potentialAction":[{"@type":"ReadAction","target":["https:\/\/www.marbella.gr\/accommodation\/penthouse-junior-suite-front-sea-view\/"]}]},{"@type":"BreadcrumbList","@id":"https:\/\/www.marbella.gr\/accommodation\/penthouse-junior-suite-front-sea-view\/#breadcrumb","itemListElement":[{"@type":"ListItem","position":1,"name":"Home","item":"https:\/\/www.marbella.gr\/"},{"@type":"ListItem","position":2,"name":"Rooftop Junior Suite"}]},{"@type":"WebSite","@id":"https:\/\/www.marbella.gr\/#website","url":"https:\/\/www.marbella.gr\/","name":"MarBella","description":"Une famille d'h\u00f4tels vous reliant \u00e0 la magnifique mer Ionienne","publisher":{"@id":"https:\/\/www.marbella.gr\/#organization"},"alternateName":"MarBella","potentialAction":[{"@type":"SearchAction","target":{"@type":"EntryPoint","urlTemplate":"https:\/\/www.marbella.gr\/?s={search_term_string}"},"query-input":{"@type":"PropertyValueSpecification","valueRequired":true,"valueName":"search_term_string"}}],"inLanguage":"fr-FR"},{"@type":"Organization","@id":"https:\/\/www.marbella.gr\/#organization","name":"MarBella","url":"https:\/\/www.marbella.gr\/","logo":{"@type":"ImageObject","inLanguage":"fr-FR","@id":"https:\/\/www.marbella.gr\/#\/schema\/logo\/image\/","url":"https:\/\/www.marbella.gr\/app\/uploads\/2023\/06\/Marbella-collection.png","contentUrl":"https:\/\/www.marbella.gr\/app\/uploads\/2023\/06\/Marbella-collection.png","width":230,"height":75,"caption":"MarBella"},"image":{"@id":"https:\/\/www.marbella.gr\/#\/schema\/logo\/image\/"}}]}},"_links":{"self":[{"href":"https:\/\/www.marbella.gr\/fr\/wp-json\/wp\/v2\/room\/8338","targetHints":{"allow":["GET"]}}],"collection":[{"href":"https:\/\/www.marbella.gr\/fr\/wp-json\/wp\/v2\/room"}],"about":[{"href":"https:\/\/www.marbella.gr\/fr\/wp-json\/wp\/v2\/types\/room"}],"author":[{"embeddable":true,"href":"https:\/\/www.marbella.gr\/fr\/wp-json\/wp\/v2\/users\/16"}],"version-history":[{"count":16,"href":"https:\/\/www.marbella.gr\/fr\/wp-json\/wp\/v2\/room\/8338\/revisions"}],"predecessor-version":[{"id":11036,"href":"https:\/\/www.marbella.gr\/fr\/wp-json\/wp\/v2\/room\/8338\/revisions\/11036"}],"wp:attachment":[{"href":"https:\/\/www.marbella.gr\/fr\/wp-json\/wp\/v2\/media?parent=8338"}],"wp:term":[{"taxonomy":"room_category","embeddable":true,"href":"https:\/\/www.marbella.gr\/fr\/wp-json\/wp\/v2\/room_category?post=8338"},{"taxonomy":"room_feature","embeddable":true,"href":"https:\/\/www.marbella.gr\/fr\/wp-json\/wp\/v2\/room_feature?post=8338"},{"taxonomy":"any_hotel","embeddable":true,"href":"https:\/\/www.marbella.gr\/fr\/wp-json\/wp\/v2\/any_hotel?post=8338"}],"curies":[{"name":"wp","href":"https:\/\/api.w.org\/{rel}","templated":true}]}}

<p>Un grand balcon couvert avec des fauteuils de salon et des chaises suspendues est le joyau de la couronne de cette suite fabuleusement spacieuse qui offre des vues incroyables sur la baie et la mer Ionienne. La suite peut accueillir confortablement jusqu'à trois personnes grâce à un lit king-size et un canapé-lit séparé. Elle est équipée d'un miroir pour le corps et d'un miroir de maquillage rétro-éclairé, ainsi que d'une salle de bains luxueuse avec une douche à effet de pluie rafraîchissante.</p>

<!-- This site is optimized with the Yoast SEO plugin v27.4 - https://yoast.com/product/yoast-seo-wordpress/ -->
<title>Front Sea View Rooftop Junior Suite | Avali, Mar-Bella Collection</title>
<meta name="description" content="Stay in the Rooftop Junior Suite with a covered balcony, sea views, king-size bed, sofa bed, and luxurious bathroom with rain shower. Sleeps up to 3 guests." />
<meta name="robots" content="index, follow, max-snippet:-1, max-image-preview:large, max-video-preview:-1" />
<link rel="canonical" href="https://www.marbella.gr/fr/accommodation/penthouse-junior-suite-front-sea-view/" />
<meta property="og:locale" content="fr_FR" />
<meta property="og:type" content="article" />
<meta property="og:title" content="Front Sea View Rooftop Junior Suite | Avali, Mar-Bella Collection" />
<meta property="og:description" content="Stay in the Rooftop Junior Suite with a covered balcony, sea views, king-size bed, sofa bed, and luxurious bathroom with rain shower. Sleeps up to 3 guests." />
<meta property="og:url" content="https://www.marbella.gr/fr/accommodation/penthouse-junior-suite-front-sea-view/" />
<meta property="og:site_name" content="Mar-Bella Collection" />
<meta property="article:modified_time" content="2025-09-26T08:02:28+00:00" />
<meta property="og:image" content="https://www.marbella.gr/app/uploads/2024/12/Avali_Rooftop-Junior-Suite-Panorama-Sea-View-1--1024x768.jpg" />
	<meta property="og:image:width" content="1024" />
	<meta property="og:image:height" content="768" />
	<meta property="og:image:type" content="image/jpeg" />
<meta name="twitter:card" content="summary_large_image" />
<meta name="twitter:label1" content="Durée de lecture estimée" />
	<meta name="twitter:data1" content="1 minute" />
<!-- / Yoast SEO plugin. -->

Séjournez dans la suite junior sur le toit avec un balcon couvert, des vues sur la mer, un lit king-size, un canapé-lit et une salle de bains luxueuse avec douche à effet de pluie. Peut accueillir jusqu'à 3 personnes.

Une famille d'hôtels vous reliant à la magnifique mer Ionienne
