{"id":11395,"date":"2025-11-07T16:48:36","date_gmt":"2025-11-07T14:48:36","guid":{"rendered":"https:\/\/www.marbella.gr\/?post_type=testimonial&#038;p=11395"},"modified":"2025-11-07T16:48:36","modified_gmt":"2025-11-07T14:48:36","slug":"tamara-southward-conde-nast-traveller","status":"publish","type":"testimonial","link":"https:\/\/www.marbella.gr\/fr\/testimonials\/tamara-southward-conde-nast-traveller\/","title":{"rendered":"Tamara Southward, Conde Nast Traveller"},"content":{"rendered":"<p>Avec une plage priv\u00e9e, une piscine \u00e0 d\u00e9bordement tr\u00e8s photog\u00e9nique et des jardins parfaits pour une promenade au coucher du soleil, l'Avali est une option d\u00e9contract\u00e9e id\u00e9ale pour un long week-end au soleil.<\/p>","protected":false},"author":27,"featured_media":0,"template":"","class_list":["post-11395","testimonial","type-testimonial","status-publish","hentry"],"acf":[],"yoast_head":"<!-- This site is optimized with the Yoast SEO plugin v27.5 - https:\/\/yoast.com\/product\/yoast-seo-wordpress\/ -->\n<title>Tamara Southward, Conde Nast Traveller - Mar-Bella Collection<\/title>\n<meta name=\"robots\" content=\"index, follow, max-snippet:-1, max-image-preview:large, max-video-preview:-1\" \/>\n<link rel=\"canonical\" href=\"https:\/\/www.marbella.gr\/fr\/testimonials\/tamara-southward-conde-nast-traveller\/\" \/>\n<meta property=\"og:locale\" content=\"fr_FR\" \/>\n<meta property=\"og:type\" content=\"article\" \/>\n<meta property=\"og:title\" content=\"Tamara Southward, Conde Nast Traveller - Mar-Bella Collection\" \/>\n<meta property=\"og:description\" content=\"With a private setting beach, a seriously photogenic infinity pool and gardens perfect for a sunset stroll, Avali is an ideal laid-back option for a long weekend in the sun. [...]Read More... from Tamara Southward, Conde Nast Traveller\" \/>\n<meta property=\"og:url\" content=\"https:\/\/www.marbella.gr\/fr\/testimonials\/tamara-southward-conde-nast-traveller\/\" \/>\n<meta property=\"og:site_name\" content=\"Mar-Bella Collection\" \/>\n<meta property=\"og:image\" content=\"https:\/\/www.marbella.gr\/app\/uploads\/2024\/05\/Elix_Water-Sports-2-scaled.jpg\" \/>\n\t<meta property=\"og:image:width\" content=\"2560\" \/>\n\t<meta property=\"og:image:height\" content=\"1705\" \/>\n\t<meta property=\"og:image:type\" content=\"image\/jpeg\" \/>\n<meta name=\"twitter:card\" content=\"summary_large_image\" \/>\n<meta name=\"twitter:label1\" content=\"Dur\u00e9e de lecture estim\u00e9e\" \/>\n\t<meta name=\"twitter:data1\" content=\"1 minute\" \/>\n<!-- \/ Yoast SEO plugin. -->","yoast_head_json":{"title":"Tamara Southward, Conde Nast Traveller - Mar-Bella Collection","robots":{"index":"index","follow":"follow","max-snippet":"max-snippet:-1","max-image-preview":"max-image-preview:large","max-video-preview":"max-video-preview:-1"},"canonical":"https:\/\/www.marbella.gr\/fr\/testimonials\/tamara-southward-conde-nast-traveller\/","og_locale":"fr_FR","og_type":"article","og_title":"Tamara Southward, Conde Nast Traveller - Mar-Bella Collection","og_description":"With a private setting beach, a seriously photogenic infinity pool and gardens perfect for a sunset stroll, Avali is an ideal laid-back option for a long weekend in the sun. [...]Read More... from Tamara Southward, Conde Nast Traveller","og_url":"https:\/\/www.marbella.gr\/fr\/testimonials\/tamara-southward-conde-nast-traveller\/","og_site_name":"Mar-Bella Collection","og_image":[{"width":2560,"height":1705,"url":"https:\/\/www.marbella.gr\/app\/uploads\/2024\/05\/Elix_Water-Sports-2-scaled.jpg","type":"image\/jpeg"}],"twitter_card":"summary_large_image","twitter_misc":{"Dur\u00e9e de lecture estim\u00e9e":"1 minute"},"schema":{"@context":"https:\/\/schema.org","@graph":[{"@type":"WebPage","@id":"https:\/\/www.marbella.gr\/testimonials\/tamara-southward-conde-nast-traveller\/","url":"https:\/\/www.marbella.gr\/testimonials\/tamara-southward-conde-nast-traveller\/","name":"Tamara Southward, Conde Nast Traveller - Mar-Bella Collection","isPartOf":{"@id":"https:\/\/www.marbella.gr\/#website"},"datePublished":"2025-11-07T14:48:36+00:00","breadcrumb":{"@id":"https:\/\/www.marbella.gr\/testimonials\/tamara-southward-conde-nast-traveller\/#breadcrumb"},"inLanguage":"fr-FR","potentialAction":[{"@type":"ReadAction","target":["https:\/\/www.marbella.gr\/testimonials\/tamara-southward-conde-nast-traveller\/"]}]},{"@type":"BreadcrumbList","@id":"https:\/\/www.marbella.gr\/testimonials\/tamara-southward-conde-nast-traveller\/#breadcrumb","itemListElement":[{"@type":"ListItem","position":1,"name":"Home","item":"https:\/\/www.marbella.gr\/"},{"@type":"ListItem","position":2,"name":"Testimonials","item":"https:\/\/marbella.server8.nelios.com\/testimonials\/"},{"@type":"ListItem","position":3,"name":"Tamara Southward, Conde Nast Traveller"}]},{"@type":"WebSite","@id":"https:\/\/www.marbella.gr\/#website","url":"https:\/\/www.marbella.gr\/","name":"MarBella","description":"Une famille d'h\u00f4tels vous reliant \u00e0 la magnifique mer Ionienne","publisher":{"@id":"https:\/\/www.marbella.gr\/#organization"},"alternateName":"MarBella","potentialAction":[{"@type":"SearchAction","target":{"@type":"EntryPoint","urlTemplate":"https:\/\/www.marbella.gr\/?s={search_term_string}"},"query-input":{"@type":"PropertyValueSpecification","valueRequired":true,"valueName":"search_term_string"}}],"inLanguage":"fr-FR"},{"@type":"Organization","@id":"https:\/\/www.marbella.gr\/#organization","name":"MarBella","url":"https:\/\/www.marbella.gr\/","logo":{"@type":"ImageObject","inLanguage":"fr-FR","@id":"https:\/\/www.marbella.gr\/#\/schema\/logo\/image\/","url":"https:\/\/www.marbella.gr\/app\/uploads\/2023\/06\/Marbella-collection.png","contentUrl":"https:\/\/www.marbella.gr\/app\/uploads\/2023\/06\/Marbella-collection.png","width":230,"height":75,"caption":"MarBella"},"image":{"@id":"https:\/\/www.marbella.gr\/#\/schema\/logo\/image\/"}}]}},"_links":{"self":[{"href":"https:\/\/www.marbella.gr\/fr\/wp-json\/wp\/v2\/testimonial\/11395","targetHints":{"allow":["GET"]}}],"collection":[{"href":"https:\/\/www.marbella.gr\/fr\/wp-json\/wp\/v2\/testimonial"}],"about":[{"href":"https:\/\/www.marbella.gr\/fr\/wp-json\/wp\/v2\/types\/testimonial"}],"author":[{"embeddable":true,"href":"https:\/\/www.marbella.gr\/fr\/wp-json\/wp\/v2\/users\/27"}],"version-history":[{"count":1,"href":"https:\/\/www.marbella.gr\/fr\/wp-json\/wp\/v2\/testimonial\/11395\/revisions"}],"predecessor-version":[{"id":11396,"href":"https:\/\/www.marbella.gr\/fr\/wp-json\/wp\/v2\/testimonial\/11395\/revisions\/11396"}],"wp:attachment":[{"href":"https:\/\/www.marbella.gr\/fr\/wp-json\/wp\/v2\/media?parent=11395"}],"curies":[{"name":"wp","href":"https:\/\/api.w.org\/{rel}","templated":true}]}}

<p>Avec une plage privée, une piscine à débordement très photogénique et des jardins parfaits pour une promenade au coucher du soleil, l'Avali est une option décontractée idéale pour un long week-end au soleil.</p>

<!-- This site is optimized with the Yoast SEO plugin v27.5 - https://yoast.com/product/yoast-seo-wordpress/ -->
<title>Tamara Southward, Conde Nast Traveller - Mar-Bella Collection</title>
<meta name="robots" content="index, follow, max-snippet:-1, max-image-preview:large, max-video-preview:-1" />
<link rel="canonical" href="https://www.marbella.gr/fr/testimonials/tamara-southward-conde-nast-traveller/" />
<meta property="og:locale" content="fr_FR" />
<meta property="og:type" content="article" />
<meta property="og:title" content="Tamara Southward, Conde Nast Traveller - Mar-Bella Collection" />
<meta property="og:description" content="With a private setting beach, a seriously photogenic infinity pool and gardens perfect for a sunset stroll, Avali is an ideal laid-back option for a long weekend in the sun. [...]Read More... from Tamara Southward, Conde Nast Traveller" />
<meta property="og:url" content="https://www.marbella.gr/fr/testimonials/tamara-southward-conde-nast-traveller/" />
<meta property="og:site_name" content="Mar-Bella Collection" />
<meta property="og:image" content="https://www.marbella.gr/app/uploads/2024/05/Elix_Water-Sports-2-scaled.jpg" />
	<meta property="og:image:width" content="2560" />
	<meta property="og:image:height" content="1705" />
	<meta property="og:image:type" content="image/jpeg" />
<meta name="twitter:card" content="summary_large_image" />
<meta name="twitter:label1" content="Durée de lecture estimée" />
	<meta name="twitter:data1" content="1 minute" />
<!-- / Yoast SEO plugin. -->

Une famille d'hôtels vous reliant à la magnifique mer Ionienne
